000
CXUS55 KRIW 260945
CF6WRL
PRELIMINARY LOCAL CLIMATOLOGICAL DATA (WS FORM: F-6)

                                          STATION:   WORLAND WY
                                          MONTH:     MAY
                                          YEAR:      2019
                                          LATITUDE:   43 58 N
                                          LONGITUDE: 107 57 W

  TEMPERATURE IN F:       :PCPN:    SNOW:  WIND      :SUNSHINE: SKY     :PK WND
================================================================================
1   2   3   4   5  6A  6B    7    8   9   10  11  12  13   14  15   16   17  18
                                     12Z  AVG MX 2MIN
DY MAX MIN AVG DEP HDD CDD  WTR  SNW DPTH SPD SPD DIR MIN PSBL S-S WX    SPD DR
================================================================================

 1  45  30  38 -12  27   0 0.12    M    M  9.7 21 330   M    M   6 1      28 330
 2  60  23  42  -9  23   0 0.01    M    M  7.8 25 220   M    M   4        32 220
 3  61  29  45  -6  20   0 0.00    M    M  5.6 14 150   M    M   2        17 130
 4  68  32  50  -2  15   0 0.00    M    M  5.2 14 160   M    M   0        14 160
 5  64  34  49  -3  16   0 0.00    M    M  8.5 23 330   M    M   2        29 340
 6  61  35  48  -4  17   0 0.00    M    M  6.9 15 360   M    M   6        20  30
 7  57  39  48  -5  17   0 0.51    M    M  7.8 23 330   M    M   9 18     27 340
 8  57  40  49  -4  16   0 0.03    M    M 15.9 29 340   M    M   8        36 350
 9  51  31  41 -12  24   0    T    M    M  6.9 18 100   M    M   7        24 100
10  63  30  47  -7  18   0 0.00    M    M  6.6 24 310   M    M   3        28 320
11  66  39  53  -1  12   0 0.00    M    M  9.2 23 340   M    M   5        27 350
12  77  36  57   3   8   0 0.00    M    M  5.7 13 170   M    M   0        16 180
13  80  41  61   7   4   0 0.00    M    M  3.9 13 210   M    M   0        16 180
14  81  47  64   9   1   0 0.00    M    M  6.6 31 250   M    M   0        38 260
15  83  45  64   9   1   0 0.00    M    M  6.5 26 330   M    M   1        32 330
16  80  46  63   7   2   0 0.26    M    M  6.9 29 190   M    M   3 3      58 170
17  63  45  54  -2  11   0 0.13    M    M 11.1 28 330   M    M   8 13     34 330
18  47  38  43 -13  22   0 0.63    M    M 11.4 18 320   M    M  10 1      22 330
19  48  36  42 -14  23   0 0.02    M    M  6.5 20 120   M    M  10        23 130
20  51  38  45 -12  20   0 0.02    M    M  4.1 13 340   M    M  10        15 340
21  47  37  42 -15  23   0 0.60    M    M  5.8 15 160   M    M   9 1      21 160
22  54  35  45 -12  20   0 0.12    M    M 12.6 30 350   M    M   7 1      36 340
23  51  33  42 -16  23   0 0.30    M    M  6.3 14 270   M    M   7 1      17 270
24  57  38  48 -10  17   0 0.30    M    M  5.3 13  10   M    M   6 1      17 360
25  71  35  53  -5  12   0 0.00    M    M  5.3 16 180   M    M   0        19 190
================================================================================
SM 1543  912       392   0  3.05    M    188.1          M      123
================================================================================
AV 61.7 36.5                               7.5 FASTST   M    M   5    MAX(MPH)
                                 MISC ---->  # 31 250               # 58  170
================================================================================
NOTES:
# LAST OF SEVERAL OCCURRENCES

COLUMN 17 PEAK WIND IN M.P.H.

PRELIMINARY LOCAL CLIMATOLOGICAL DATA (WS FORM: F-6) , PAGE 2

                                          STATION:  WORLAND WY
                                          MONTH:    MAY
                                          YEAR:     2019
                                          LATITUDE:   43 58 N
                                          LONGITUDE: 107 57 W

[TEMPERATURE DATA]      [PRECIPITATION DATA]       SYMBOLS USED IN COLUMN 16

AVERAGE MONTHLY: 49.1   TOTAL FOR MONTH:   3.05    1 = FOG OR MIST
DPTR FM NORMAL:  -5.4   DPTR FM NORMAL:    1.92    2 = FOG REDUCING VISIBILITY
HIGHEST:    83 ON 15    GRTST 24HR  0.63 ON 18-18      TO 1/4 MILE OR LESS
LOWEST:     23 ON  2                               3 = THUNDER
                        SNOW, ICE PELLETS, HAIL    4 = ICE PELLETS
                        TOTAL MONTH:    M          5 = HAIL
                        GRTST 24HR    M  ON   M    6 = FREEZING RAIN OR DRIZZLE
                        GRTST DEPTH:  M  ON   M    7 = DUSTSTORM OR SANDSTORM:
                                                       VSBY 1/2 MILE OR LESS
                                                   8 = SMOKE OR HAZE
[NO. OF DAYS WITH]      [WEATHER - DAYS WITH]      9 = BLOWING SNOW
                                                   X = TORNADO
MAX 32 OR BELOW:   0    0.01 INCH OR MORE:  13
MAX 90 OR ABOVE:   0    0.10 INCH OR MORE:   9
MIN 32 OR BELOW:   6    0.50 INCH OR MORE:   3
MIN  0 OR BELOW:   0    1.00 INCH OR MORE:   0

[HDD (BASE 65) ]
TOTAL THIS MO.   392    CLEAR  (SCALE 0-3)   8
DPTR FM NORMAL   123    PTCLDY (SCALE 4-7)  12
TOTAL FM JUL 1  8372    CLOUDY (SCALE 8-10)  5
DPTR FM NORMAL   636

[CDD (BASE 65) ]
TOTAL THIS MO.     0
DPTR FM NORMAL     0    [PRESSURE DATA]
TOTAL FM JAN 1     0    HIGHEST SLP M ON M
DPTR FM NORMAL    -1    LOWEST  SLP 29.46 ON 16

[REMARKS]
