000
CXUS55 KRIW 240945
CF6WRL
PRELIMINARY LOCAL CLIMATOLOGICAL DATA (WS FORM: F-6)

                                          STATION:   WORLAND WY
                                          MONTH:     MARCH
                                          YEAR:      2019
                                          LATITUDE:   43 58 N
                                          LONGITUDE: 107 57 W

  TEMPERATURE IN F:       :PCPN:    SNOW:  WIND      :SUNSHINE: SKY     :PK WND
================================================================================
1   2   3   4   5  6A  6B    7    8   9   10  11  12  13   14  15   16   17  18
                                     12Z  AVG MX 2MIN
DY MAX MIN AVG DEP HDD CDD  WTR  SNW DPTH SPD SPD DIR MIN PSBL S-S WX    SPD DR
================================================================================

 1  36   8  22  -8  43   0    T    M    M  6.2 22 360   M    M   5 1      28 360
 2   9  -3   3 -28  62   0    T    M    M  9.5 20 340   M    M  10 8      23 340
 3   6 -12  -3 -34  68   0    T    M    M  4.1  9 340   M    M   4 8      11 330
 4  16 -17   0 -32  65   0 0.00    M    M  2.2  7 120   M    M   0         8 120
 5  30 -12   9 -23  56   0 0.00    M    M  3.3 12 180   M    M   0        12 180
 6  26  11  19 -14  46   0 0.03    M    M  4.8 13 360   M    M   7 1      17 360
 7  36   4  20 -13  45   0    T    M    M  3.3 10 160   M    M   3 1      11 160
 8  36  16  26  -8  39   0 0.09    M    M  7.2 20 330   M    M   6 18     23 350
 9  34   9  22 -12  43   0 0.05    M    M  4.8 16 300   M    M   6 1      18 300
10  38   4  21 -13  44   0    T    M    M  3.0 10 160   M    M   0        11 170
11  47   3  25 -10  40   0 0.00    M    M  3.4 10 160   M    M   0        12 160
12  50  11  31  -4  34   0 0.00    M    M  5.3 14 160   M    M   0        17 150
13  34  27  31  -5  34   0 0.00    M    M 15.8 35 330   M    M   9        42 320
14  40  18  29  -7  36   0 0.00    M    M  9.4 24 330   M    M   2        31 330
15  45  12  29  -7  36   0 0.00    M    M  4.6 14 170   M    M   0        16 160
16  49  16  33  -4  32   0 0.00    M    M  5.0 15 160   M    M   0        17 160
17  51  18  35  -2  30   0 0.00    M    M  4.1 13 160   M    M   0        14 160
18  51  20  36  -2  29   0 0.00    M    M  4.9 15 340   M    M   1        18 350
19  51  19  35  -3  30   0 0.00    M    M  5.6 13 160   M    M   0        14 160
20  60  19  40   2  25   0 0.00    M    M  6.6 14 160   M    M   0        16 160
21  65  20  43   4  22   0 0.00    M    M  4.3 16 120   M    M   0        20 120
22  60  31  46   7  19   0 0.00    M    M  9.4 23 160   M    M   1        27 150
23  63  27  45   6  20   0 0.00    M    M  5.9 13 360   M    M   2        16  20
================================================================================
SM  933  249       898   0  0.17    M    132.7          M       56
================================================================================
AV 40.6 10.8                               5.8 FASTST   M    M   2    MAX(MPH)
                                 MISC ---->  # 35 330               # 42  320
================================================================================
NOTES:
# LAST OF SEVERAL OCCURRENCES

COLUMN 17 PEAK WIND IN M.P.H.

PRELIMINARY LOCAL CLIMATOLOGICAL DATA (WS FORM: F-6) , PAGE 2

                                          STATION:  WORLAND WY
                                          MONTH:    MARCH
                                          YEAR:     2019
                                          LATITUDE:   43 58 N
                                          LONGITUDE: 107 57 W

[TEMPERATURE DATA]      [PRECIPITATION DATA]       SYMBOLS USED IN COLUMN 16

AVERAGE MONTHLY: 25.7   TOTAL FOR MONTH:   0.17    1 = FOG OR MIST
DPTR FM NORMAL:  -9.4   DPTR FM NORMAL:   -0.15    2 = FOG REDUCING VISIBILITY
HIGHEST:    65 ON 21    GRTST 24HR  0.09 ON  8- 8      TO 1/4 MILE OR LESS
LOWEST:    -17 ON  4                               3 = THUNDER
                        SNOW, ICE PELLETS, HAIL    4 = ICE PELLETS
                        TOTAL MONTH:    M          5 = HAIL
                        GRTST 24HR    M  ON   M    6 = FREEZING RAIN OR DRIZZLE
                        GRTST DEPTH:  M  ON   M    7 = DUSTSTORM OR SANDSTORM:
                                                       VSBY 1/2 MILE OR LESS
                                                   8 = SMOKE OR HAZE
[NO. OF DAYS WITH]      [WEATHER - DAYS WITH]      9 = BLOWING SNOW
                                                   X = TORNADO
MAX 32 OR BELOW:   5    0.01 INCH OR MORE:   3
MAX 90 OR ABOVE:   0    0.10 INCH OR MORE:   0
MIN 32 OR BELOW:  23    0.50 INCH OR MORE:   0
MIN  0 OR BELOW:   4    1.00 INCH OR MORE:   0

[HDD (BASE 65) ]
TOTAL THIS MO.   898    CLEAR  (SCALE 0-3)  16
DPTR FM NORMAL   210    PTCLDY (SCALE 4-7)   5
TOTAL FM JUL 1  7266    CLOUDY (SCALE 8-10)  2
DPTR FM NORMAL   577

[CDD (BASE 65) ]
TOTAL THIS MO.     0
DPTR FM NORMAL     0    [PRESSURE DATA]
TOTAL FM JAN 1     0    HIGHEST SLP M ON M
DPTR FM NORMAL     0    LOWEST  SLP 29.49 ON 13

[REMARKS]
