000
CXUS56 KMTR 171000
CF6WVI
PRELIMINARY LOCAL CLIMATOLOGICAL DATA (WS FORM: F-6)

                                          STATION:   WATSONVILLE AIRPORT
                                          MONTH:     JUNE
                                          YEAR:      2019
                                          LATITUDE:   36 55 N
                                          LONGITUDE: 121 47 W

  TEMPERATURE IN F:       :PCPN:    SNOW:  WIND      :SUNSHINE: SKY     :PK WND
================================================================================
1   2   3   4   5  6A  6B    7    8   9   10  11  12  13   14  15   16   17  18
                                     12Z  AVG MX 2MIN
DY MAX MIN AVG DEP HDD CDD  WTR  SNW DPTH SPD SPD DIR MIN PSBL S-S WX    SPD DR
================================================================================

 1  62  52  57  -3   8   0 0.00  0.0    0  4.5 12 240   M    M  10 18     14 220
 2  65  53  59  -1   6   0 0.00  0.0    0  6.0 14 230   M    M   7 1      20 230
 3  67  54  61   0   4   0 0.00  0.0    0  3.1 12 210   M    M   7 1      14 220
 4  73  52  63   2   2   0 0.00  0.0    0  3.8 13 200   M    M   4 128    15 210
 5  72  51  62   1   3   0 0.00  0.0    0  5.0 13 190   M    M   4 128    17 190
 6  73  52  63   2   2   0 0.00  0.0    0  5.3 12  90   M    M   4 18     15 110
 7  74  49  62   1   3   0 0.00  0.0    0  3.7 10 150   M    M   2        14 220
 8  84  47  66   5   0   1 0.00  0.0    0  4.7 12 170   M    M   0        15 230
 9  94  56  75  14   0  10 0.00  0.0    0  3.5 12 250   M    M   0        16 270
10 100  59  80  19   0  15 0.00  0.0    0  4.7 15 270   M    M   0        21 270
11  98  57  78  16   0  13 0.00  0.0    0  3.1 14 260   M    M   0        18 260
12  75  58  67   5   0   2 0.00  0.0    0  5.8 14 220   M    M   3        18 220
13  68  57  63   1   2   0    T  0.0    0  5.7 13 230   M    M   9 1      17 240
14  65  54  60  -2   5   0 0.00  0.0    0  5.9 12 220   M    M  10 1      15 230
15  67  54  61  -1   4   0 0.01  0.0    0  4.7 12 120   M    M   8 1      18 210
16  64  54  59  -3   6   0    T  0.0    M  4.4 12 220   M    M  10 1      18 240
================================================================================
SM 1201  859        45  41  0.01     0.0  73.9          M       78
================================================================================
AV 75.1 53.7                               4.6 FASTST   M    M   5    MAX(MPH)
                                 MISC ---->  # 15 270               # 21  270
================================================================================
NOTES:
# LAST OF SEVERAL OCCURRENCES

COLUMN 17 PEAK WIND IN M.P.H.

PRELIMINARY LOCAL CLIMATOLOGICAL DATA (WS FORM: F-6) , PAGE 2

                                          STATION:  WATSONVILLE AIRPORT
                                          MONTH:    JUNE
                                          YEAR:     2019
                                          LATITUDE:   36 55 N
                                          LONGITUDE: 121 47 W

[TEMPERATURE DATA]      [PRECIPITATION DATA]       SYMBOLS USED IN COLUMN 16

AVERAGE MONTHLY: 64.4   TOTAL FOR MONTH:   0.01    1 = FOG OR MIST
DPTR FM NORMAL:   3.1   DPTR FM NORMAL:   -0.06    2 = FOG REDUCING VISIBILITY
HIGHEST:   100 ON 10    GRTST 24HR  0.01 ON 15-15      TO 1/4 MILE OR LESS
LOWEST:     47 ON  8                               3 = THUNDER
                        SNOW, ICE PELLETS, HAIL    4 = ICE PELLETS
                        TOTAL MONTH:   0.0 INCH    5 = HAIL
                        GRTST 24HR     0.0         6 = FREEZING RAIN OR DRIZZLE
                        GRTST DEPTH:   0           7 = DUSTSTORM OR SANDSTORM:
                                                       VSBY 1/2 MILE OR LESS
                                                   8 = SMOKE OR HAZE
[NO. OF DAYS WITH]      [WEATHER - DAYS WITH]      9 = BLOWING SNOW
                                                   X = TORNADO
MAX 32 OR BELOW:   0    0.01 INCH OR MORE:   1
MAX 90 OR ABOVE:   3    0.10 INCH OR MORE:   0
MIN 32 OR BELOW:   0    0.50 INCH OR MORE:   0
MIN  0 OR BELOW:   0    1.00 INCH OR MORE:   0

[HDD (BASE 65) ]
TOTAL THIS MO.    45    CLEAR  (SCALE 0-3)   6
DPTR FM NORMAL   -22    PTCLDY (SCALE 4-7)   6
TOTAL FM JUL 1  2664    CLOUDY (SCALE 8-10)  4
DPTR FM NORMAL  -237

[CDD (BASE 65) ]
TOTAL THIS MO.    41
DPTR FM NORMAL    41    [PRESSURE DATA]
TOTAL FM JAN 1    41    HIGHEST SLP M ON M
DPTR FM NORMAL    28    LOWEST  SLP 29.77 ON  1

[REMARKS]
