000
CXAK56 PAJK 201230
CF6YAK
PRELIMINARY LOCAL CLIMATOLOGICAL DATA (WS FORM: F-6)

                                          STATION:   YAKUTAT
                                          MONTH:     MAY
                                          YEAR:      2019
                                          LATITUDE:   59 31 N
                                          LONGITUDE: 139 40 W

  TEMPERATURE IN F:       :PCPN:    SNOW:  WIND      :SUNSHINE: SKY     :PK WND
================================================================================
1   2   3   4   5  6A  6B    7    8   9   10  11  12  13   14  15   16   17  18
                                     12Z  AVG MX 2MIN
DY MAX MIN AVG DEP HDD CDD  WTR  SNW DPTH SPD SPD DIR MIN PSBL S-S WX    SPD DR
================================================================================

 1  49  43  46   5  19   0    T    M    M  5.2 15 280   M    M  10 1      19 260
 2  48  44  46   4  19   0 0.10    M    M  5.8 13 240   M    M   9 1      16 240
 3  51  38  45   3  20   0 0.24    M    M  5.9 14 270   M    M   9 1      19 240
 4  46  36  41  -1  24   0 0.09    M    M  3.5 10  90   M    M  10 1      13  90
 5  49  31  40  -2  25   0 0.08    M    M  4.0 13  90   M    M   8 12     19  90
 6  47  41  44   2  21   0 1.23    M    M 10.0 16  90   M    M  10 1      22  90
 7  50  45  48   5  17   0 0.55    M    M 10.2 16 130   M    M  10 1      24 110
 8  49  48  49   6  16   0 1.98    M    M 12.0 21 130   M    M  10 1      36 130
 9  53  46  50   7  15   0 0.07    M    M  5.4 10 170   M    M  10 1      14 120
10  50  44  47   4  18   0 0.14    M    M  6.1 14 250   M    M  10 12     19 190
11  50  36  43  -1  22   0 0.01    M    M  6.1 15 280   M    M   6 1      20 250
12  52  31  42  -2  23   0 0.00    M    M  4.7 14 280   M    M   2 1      17 280
13  66  30  48   4  17   0 0.00    M    M  2.7 12 190   M    M   1 1      16 160
14  63  41  52   8  13   0 0.00    M    M  5.2 15 240   M    M   3        21 200
15  55  44  50   6  15   0 0.05    M    M  4.2 15 140   M    M  10 1      22 180
16  62  37  50   5  15   0    T    M    M  4.3 12 250   M    M   3 1      16 240
17  59  44  52   7  13   0    T    M    M  3.8 15 240   M    M   9        19 240
18  60  47  54   9  11   0 0.08    M    M  3.2 15 170   M    M   8 1      19 180
19  64  47  56  11   9   0 0.24    M    M  6.2 18 170   M    M   9 1      24 160
================================================================================
SM 1023  773       332   0  4.86    M    108.5          M      147
================================================================================
AV 53.8 40.7                               5.7 FASTST   M    M   8    MAX(MPH)
                                 MISC ---->  # 21 130               # 36  130
================================================================================
NOTES:
# LAST OF SEVERAL OCCURRENCES

COLUMN 17 PEAK WIND IN M.P.H.

PRELIMINARY LOCAL CLIMATOLOGICAL DATA (WS FORM: F-6) , PAGE 2

                                          STATION:  YAKUTAT
                                          MONTH:    MAY
                                          YEAR:     2019
                                          LATITUDE:   59 31 N
                                          LONGITUDE: 139 40 W

[TEMPERATURE DATA]      [PRECIPITATION DATA]       SYMBOLS USED IN COLUMN 16

AVERAGE MONTHLY: 47.3   TOTAL FOR MONTH:   4.86    1 = FOG OR MIST
DPTR FM NORMAL:   3.9   DPTR FM NORMAL:   -0.24    2 = FOG REDUCING VISIBILITY
HIGHEST:    66 ON 13    GRTST 24HR  1.98 ON  8- 8      TO 1/4 MILE OR LESS
LOWEST:     30 ON 13                               3 = THUNDER
                        SNOW, ICE PELLETS, HAIL    4 = ICE PELLETS
                        TOTAL MONTH:    M          5 = HAIL
                        GRTST 24HR    M  ON   M    6 = FREEZING RAIN OR DRIZZLE
                        GRTST DEPTH:  M  ON   M    7 = DUSTSTORM OR SANDSTORM:
                                                       VSBY 1/2 MILE OR LESS
                                                   8 = SMOKE OR HAZE
[NO. OF DAYS WITH]      [WEATHER - DAYS WITH]      9 = BLOWING SNOW
                                                   X = TORNADO
MAX 32 OR BELOW:   0    0.01 INCH OR MORE:  13
MAX 90 OR ABOVE:   0    0.10 INCH OR MORE:   7
MIN 32 OR BELOW:   3    0.50 INCH OR MORE:   3
MIN  0 OR BELOW:   0    1.00 INCH OR MORE:   2

[HDD (BASE 65) ]
TOTAL THIS MO.   332    CLEAR  (SCALE 0-3)   3
DPTR FM NORMAL   -79    PTCLDY (SCALE 4-7)   4
TOTAL FM JUL 1  7117    CLOUDY (SCALE 8-10) 12
DPTR FM NORMAL -1249

[CDD (BASE 65) ]
TOTAL THIS MO.     0
DPTR FM NORMAL     0    [PRESSURE DATA]
TOTAL FM JAN 1     0    HIGHEST SLP  0.00 ON 13
DPTR FM NORMAL     0    LOWEST  SLP  0.00 ON 13

[REMARKS]
