000
CXAK56 PAJK 231239
CF6YAK
PRELIMINARY LOCAL CLIMATOLOGICAL DATA (WS FORM: F-6)

                                          STATION:   YAKUTAT
                                          MONTH:     MARCH
                                          YEAR:      2019
                                          LATITUDE:   59 31 N
                                          LONGITUDE: 139 40 W

  TEMPERATURE IN F:       :PCPN:    SNOW:  WIND      :SUNSHINE: SKY     :PK WND
================================================================================
1   2   3   4   5  6A  6B    7    8   9   10  11  12  13   14  15   16   17  18
                                     12Z  AVG MX 2MIN
DY MAX MIN AVG DEP HDD CDD  WTR  SNW DPTH SPD SPD DIR MIN PSBL S-S WX    SPD DR
================================================================================

 1  43  21  32   1  33   0 0.00    M    M  1.6  9 130   M    M   2 18     11 130
 2  41  22  32   1  33   0 0.00    M    M  2.7  5  90   M    M   7         M  M
 3  44  26  35   4  30   0 0.00    M    M  1.0  7 210   M    M   2         8 210
 4  40  22  31   0  34   0 0.00    M    M  0.9  7 250   M    M   5        10 250
 5  40  15  28  -3  37   0 0.00    M    M  1.7 12 310   M    M   2 1      14 280
 6  39  17  28  -3  37   0 0.00    M    M  2.7 15 290   M    M   2        19 280
 7  38  13  26  -5  39   0 0.00    M    M  2.1  7 160   M    M   4 18      8 180
 8  39  31  35   4  30   0 0.01    M    M  4.4 10  90   M    M  10 1      12 100
 9  41  34  38   7  27   0 0.60    M    M 11.5 23 130   M    M  10 12     31 110
10  42  34  38   7  27   0 0.83    M    M 10.9 31 130   M    M  10 1      46 140
11  39  35  37   6  28   0 0.56    M    M  5.6 12 100   M    M  10 1      15 120
12  43  33  38   7  27   0 0.07    M    M  4.3 15 240   M    M   9 18     20 250
13  39  34  37   6  28   0 0.69    M    M 11.0 24  80   M    M  10 18     35  70
14  42  35  39   7  26   0 0.14    M    M  5.9 14 140   M    M   7 18     23 140
15  40  34  37   5  28   0 0.90    M    M 10.8 16  60   M    M  10 1      23  60
16  44  39  42  10  23   0 1.46    M    M 12.8 21 130   M    M  10 18     31 140
17  48  40  44  12  21   0 1.89    M    M 13.7 30 140   M    M  10 1      46 160
18  48  44  46  14  19   0 1.90    M    M 19.1 30 130   M    M   9 18     47 140
19  60  35  48  16  17   0    T    M    M  6.6 16 140   M    M   5 8      25 150
20  58  35  47  15  18   0 0.01    M    M  6.2 16 130   M    M   7 1      25  90
21  57  38  48  16  17   0 0.04    M    M  4.1 10  90   M    M   8 18     13  90
22  52  43  48  15  17   0 0.08    M    M  3.6 13  30   M    M   8 18     14  30
================================================================================
SM  977  680       596   0  9.18    M    143.2          M      157
================================================================================
AV 44.4 30.9                               6.5 FASTST   M    M   7    MAX(MPH)
                                 MISC ---->  # 31 130               # 47  140
================================================================================
NOTES:
# LAST OF SEVERAL OCCURRENCES

COLUMN 17 PEAK WIND IN M.P.H.

PRELIMINARY LOCAL CLIMATOLOGICAL DATA (WS FORM: F-6) , PAGE 2

                                          STATION:  YAKUTAT
                                          MONTH:    MARCH
                                          YEAR:     2019
                                          LATITUDE:   59 31 N
                                          LONGITUDE: 139 40 W

[TEMPERATURE DATA]      [PRECIPITATION DATA]       SYMBOLS USED IN COLUMN 16

AVERAGE MONTHLY: 37.7   TOTAL FOR MONTH:   9.18    1 = FOG OR MIST
DPTR FM NORMAL:   6.2   DPTR FM NORMAL:    1.05    2 = FOG REDUCING VISIBILITY
HIGHEST:    60 ON 19    GRTST 24HR  1.90 ON 18-18      TO 1/4 MILE OR LESS
LOWEST:     13 ON  7                               3 = THUNDER
                        SNOW, ICE PELLETS, HAIL    4 = ICE PELLETS
                        TOTAL MONTH:    M          5 = HAIL
                        GRTST 24HR    M  ON   M    6 = FREEZING RAIN OR DRIZZLE
                        GRTST DEPTH:  M  ON   M    7 = DUSTSTORM OR SANDSTORM:
                                                       VSBY 1/2 MILE OR LESS
                                                   8 = SMOKE OR HAZE
[NO. OF DAYS WITH]      [WEATHER - DAYS WITH]      9 = BLOWING SNOW
                                                   X = TORNADO
MAX 32 OR BELOW:   0    0.01 INCH OR MORE:  14
MAX 90 OR ABOVE:   0    0.10 INCH OR MORE:   9
MIN 32 OR BELOW:   8    0.50 INCH OR MORE:   8
MIN  0 OR BELOW:   0    1.00 INCH OR MORE:   3

[HDD (BASE 65) ]
TOTAL THIS MO.   596    CLEAR  (SCALE 0-3)   4
DPTR FM NORMAL  -142    PTCLDY (SCALE 4-7)   7
TOTAL FM JUL 1  5844    CLOUDY (SCALE 8-10) 11
DPTR FM NORMAL -1010

[CDD (BASE 65) ]
TOTAL THIS MO.     0
DPTR FM NORMAL     0    [PRESSURE DATA]
TOTAL FM JAN 1     0    HIGHEST SLP M ON M
DPTR FM NORMAL     0    LOWEST  SLP 29.39 ON 10

[REMARKS]
