000
CXUS51 KPBZ 260804
CF6ZZV
PRELIMINARY LOCAL CLIMATOLOGICAL DATA (WS FORM: F-6)

                                          STATION:   ZANESVILLE OH
                                          MONTH:     MAY
                                          YEAR:      2019
                                          LATITUDE:   39 56 N
                                          LONGITUDE:  81 54 W

  TEMPERATURE IN F:       :PCPN:    SNOW:  WIND      :SUNSHINE: SKY     :PK WND
================================================================================
1   2   3   4   5  6A  6B    7    8   9   10  11  12  13   14  15   16   17  18
                                     12Z  AVG MX 2MIN
DY MAX MIN AVG DEP HDD CDD  WTR  SNW DPTH SPD SPD DIR MIN PSBL S-S WX    SPD DR
================================================================================

 1  85  51  68  12   0   3 0.00    M    0  7.2 24 210   M    M   1 12     34 210
 2  81  57  69  12   0   4 0.30    M    M  3.9 13 290   M    M   6 12     16 290
 3  71  58  65   8   0   0 0.34    M    M  2.5 10 300   M    M   8 12     14 290
 4  59  53  56  -1   9   0 0.33  0.0    0  4.6  9  10   M    M  10 128    13  10
 5  68  47  58   0   7   0 0.00  0.0    0  4.8 13 330   M    M   8 1      16 360
 6  75  40  58   0   7   0 0.00  0.0    0  1.8 12 290   M    M   2 12     15 310
 7  80  48  64   6   1   0 0.00  0.0    0  4.3 14  10   M    M   2 1      18  10
 8  80  50  65   7   0   0 0.00    M    0  5.0 10 110   M    M   0        13  70
 9  80  62  71  12   0   6 0.60  0.0    0 11.3 28 200   M    M   4 1      38 200
10  68  49  59   0   6   0 0.46    M    0  6.9 16 270   M    M   8 1      22 240
11  68  45  57  -2   8   0 0.14    M    0  5.9 15  60   M    M   4 1      19  70
12  58  47  53  -7  12   0 0.13    M    0  4.3 12  20   M    M  10 18     15  40
13  58  47  53  -7  12   0 0.01    M    0  8.9 16 280   M    M  10 18     23 280
14  65  44  55  -5  10   0 0.00  0.0    0  6.8 17 330   M    M   4        27 320
15  70  39  55  -5  10   0 0.00    M    0  4.6 15 270   M    M   2        21 260
16  76  49  63   2   2   0 0.00    M    0  5.6 14 200   M    M   1 1      21 200
17  79  59  69   8   0   4 0.35    M    M  4.7 17 180   M    M   7 13     21 190
18  86  62  74  13   0   9 0.00    M    M  5.7 14 200   M    M   3 12     19 240
19  86  63  75  14   0  10    T    M    0  9.4 26 200   M    M   3        38 190
20  72  51  62   0   3   0 0.01    M    M 10.4 22 270   M    M   5        31 280
21  66  47  57  -5   8   0 0.00  0.0    0  7.4 15  70   M    M   4        20  80
22  85  51  68   6   0   3 0.00  0.0    0  6.4 17 200   M    M   2        23 210
23  83  65  74  12   0   9 0.07  0.0    0  8.3 23 240   M    M   3 138    33 240
24  79  57  68   5   0   3 0.00    M    0  2.5  9 320   M    M   1        14 310
25  86  62  74  11   0   9 0.03    M    0  6.1 22 310   M    M   2 3      29 310
================================================================================
SM 1864 1303        95  60  2.77     0.0 149.3          M      110
================================================================================
AV 74.6 52.1                               6.0 FASTST   M    M   4    MAX(MPH)
                                 MISC ---->  # 28 200               # 38  200
================================================================================
NOTES:
# LAST OF SEVERAL OCCURRENCES

COLUMN 17 PEAK WIND IN M.P.H.

PRELIMINARY LOCAL CLIMATOLOGICAL DATA (WS FORM: F-6) , PAGE 2

                                          STATION:  ZANESVILLE OH
                                          MONTH:    MAY
                                          YEAR:     2019
                                          LATITUDE:   39 56 N
                                          LONGITUDE:  81 54 W

[TEMPERATURE DATA]      [PRECIPITATION DATA]       SYMBOLS USED IN COLUMN 16

AVERAGE MONTHLY: 63.3   TOTAL FOR MONTH:   2.77    1 = FOG OR MIST
DPTR FM NORMAL:   3.6   DPTR FM NORMAL:   -0.56    2 = FOG REDUCING VISIBILITY
HIGHEST:    86 ON 25,19 GRTST 24HR  0.60 ON  9- 9      TO 1/4 MILE OR LESS
LOWEST:     39 ON 15                               3 = THUNDER
                        SNOW, ICE PELLETS, HAIL    4 = ICE PELLETS
                        TOTAL MONTH:   0.0 INCH    5 = HAIL
                        GRTST 24HR     0.0         6 = FREEZING RAIN OR DRIZZLE
                        GRTST DEPTH:   0           7 = DUSTSTORM OR SANDSTORM:
                                                       VSBY 1/2 MILE OR LESS
                                                   8 = SMOKE OR HAZE
[NO. OF DAYS WITH]      [WEATHER - DAYS WITH]      9 = BLOWING SNOW
                                                   X = TORNADO
MAX 32 OR BELOW:   0    0.01 INCH OR MORE:  12
MAX 90 OR ABOVE:   0    0.10 INCH OR MORE:   8
MIN 32 OR BELOW:   0    0.50 INCH OR MORE:   1
MIN  0 OR BELOW:   0    1.00 INCH OR MORE:   0

[HDD (BASE 65) ]
TOTAL THIS MO.    95    CLEAR  (SCALE 0-3)  10
DPTR FM NORMAL   -66    PTCLDY (SCALE 4-7)  11
TOTAL FM JUL 1  5157    CLOUDY (SCALE 8-10)  4
DPTR FM NORMAL  -361

[CDD (BASE 65) ]
TOTAL THIS MO.    60
DPTR FM NORMAL    30    [PRESSURE DATA]
TOTAL FM JAN 1    66    HIGHEST SLP M ON M
DPTR FM NORMAL    27    LOWEST  SLP 29.68 ON 13

[REMARKS]
