000
CXUS53 KIND 011719
CLABMG
CLIMATE REPORT
NATIONAL WEATHER SERVICE INDIANAPOLIS IN
1219 PM EST MON JAN 01 2024
...................................
...THE BLOOMINGTON IN CLIMATE SUMMARY FOR THE YEAR OF 2023...
CLIMATE NORMAL PERIOD 1991 TO 2020
CLIMATE RECORD PERIOD 9999 TO 9999
WEATHER OBSERVED NORMAL DEPART LAST YEAR`S
VALUE DATE(S) VALUE FROM VALUE DATE(S)
NORMAL
................................................................
TEMPERATURE (F)
HIGHEST 95 08/25 97 07/05
LOWEST 12 02/01 -9 12/23
12/19
AVG. MAXIMUM 67.2 63.9 3.3 64.8
AVG. MINIMUM 45.2 43.6 1.6 43.8
MEAN 56.2 53.8 2.4 54.3
DAYS MAX >= 90 15 20.2 -5.2 25
DAYS MAX <= 32 3 23.4 -20.4 27
DAYS MIN <= 32 70 108.3 -38.3 113
DAYS MIN <= 0 0 4.1 -4.1 3
PRECIPITATION (INCHES)
TOTALS 36.67R 46.92 -10.25 39.78
DAILY AVG. 0.10 0.13 -0.03 0.11
DAYS >= .01 110 143.1 -33.1 124
DAYS >= .10 67 79.0 -12.0 71
DAYS >= .50 27 32.1 -5.1 28
DAYS >= 1.00 11 12.5 -1.5 12
GREATEST
24 HR. TOTAL 2.29 03/23 TO 03/24
DEGREE DAYS
HEATING TOTAL 4139 5083 -944 5013
SINCE 7/1 1599 1984 -385 MM
COOLING TOTAL 1044 1026 18 1312
SINCE 1/1 1044 1024 20 MM
................................................................
WIND (MPH)
AVERAGE WIND SPEED 6.2
HIGHEST WIND SPEED/DIRECTION 40/200 DATE 03/31
HIGHEST GUST SPEED/DIRECTION 58/240 DATE 03/31
SKY COVER
AVERAGE SKY COVER 0.38
AVERAGE RH (PERCENT) 68
WEATHER CONDITIONS. NUMBER OF DAYS WITH
THUNDERSTORM 52 MIXED PRECIP 2
HEAVY RAIN 40 RAIN 76
LIGHT RAIN 133 FREEZING RAIN 0
LT FREEZING RAIN 1 HAIL 0
HEAVY SNOW 1 SNOW 3
LIGHT SNOW 14 SLEET 0
FOG 195 FOG W/VIS <= 1/4 MILE 26
HAZE 57
- INDICATES NEGATIVE NUMBERS.
R INDICATES RECORD WAS SET OR TIED.
MM INDICATES DATA IS MISSING.
T INDICATES TRACE AMOUNT.
$$