000
CXUS53 KMPX 032109
CLASTC
CLIMATE REPORT
NATIONAL WEATHER SERVICE TWIN CITIES/CHANHASSEN MN
309 PM CST WED JAN 03 2024
...................................
...THE ST CLOUD MN CLIMATE SUMMARY FOR THE YEAR OF 2023...
CLIMATE NORMAL PERIOD 1991 TO 2020
CLIMATE RECORD PERIOD 1893 TO 2024
WEATHER OBSERVED NORMAL DEPART LAST YEAR`S
VALUE DATE(S) VALUE FROM VALUE
NORMAL
..............................................................
TEMPERATURE (F)
RECORD
HIGH 107 07/13/1936
07/23/1934
07/22/1934
LOW -43 01/09/1977
HIGHEST 97 08/22 58 39
LOWEST -18 02/03 27 -45
01/30
01/31
MEAN 46.3 42.9 3.4
DAYS MAX >= 90 24 8.8 15.2
DAYS MAX <= 32 63 83.5 -20.5
DAYS MIN <= 32 129 172.5 -43.5
DAYS MIN <= 0 15 35.7 -20.7
PRECIPITATION (INCHES)
RECORD
MAXIMUM 41.01 1897
MINIMUM 14.64 1910
TOTALS 27.73 28.49 -0.76
DAYS >= .01 116 110.5 5.5
DAYS >= .10 60 56.9 3.1
DAYS >= .50 19 17.5 1.5
DAYS >= 1.00 6 5.9 0.1
GREATEST
24 HR. TOTAL 1.54 10/13 TO 10/13
STORM TOTAL 1.54
(MM/DD(HH))
SNOWFALL (INCHES)
RECORDS
TOTAL 84.6 1936
TOTALS 66.2 47.9 18.3
SINCE 7/1 5.7 17.2 -11.5
DAYS >= TRACE 59 36.0 23.0
DAYS >= 1.0 19 14.8 4.2
GREATEST
SNOW DEPTH 18 03/17
03/18
03/19
24 HR TOTAL 7.0 01/04 TO 01/04
STORM TOTAL 7.0
(MM/DD(HH))
DEGREE DAYS
HEATING TOTAL 7465 8490 -1025
SINCE 7/1 2497 3345 -848
COOLING TOTAL 783 468 315
SINCE 1/1 783 468 315
..............................................................
WIND (MPH)
HIGHEST WIND SPEED/DIRECTION 36/280 DATE 11/09
HIGHEST GUST SPEED/DIRECTION 52/300 DATE 12/18
- INDICATES NEGATIVE NUMBERS.
R INDICATES RECORD WAS SET OR TIED.
MM INDICATES DATA IS MISSING.
T INDICATES TRACE AMOUNT.
$$