000
CDUS43 KABR 230643
CLIABR


CLIMATE REPORT
NATIONAL WEATHER SERVICE ABERDEEN SD
143 AM CDT MON APR 23 2018


...................................

...THE ABERDEEN SD CLIMATE SUMMARY FOR APRIL 22 2018...

CLIMATE NORMAL PERIOD 1981 TO 2010
CLIMATE RECORD PERIOD 1893 TO 2018


WEATHER ITEM   OBSERVED TIME   RECORD YEAR NORMAL DEPARTURE LAST
                VALUE   (LST)  VALUE       VALUE  FROM      YEAR
                                                  NORMAL
..................................................................
TEMPERATURE (F)
 YESTERDAY
  MAXIMUM         66    326 PM  90    1990  61      5       70
                                      1908
  MINIMUM         26    540 AM  15    2015  34     -8       30
  AVERAGE         46                        48     -2       50

PRECIPITATION (IN)
  YESTERDAY        0.00          3.00 1904   0.07  -0.07     0.00
  MONTH TO DATE    0.71                      1.18  -0.47     1.20
  SINCE MAR 1      2.30                      2.34  -0.04     1.87
  SINCE JAN 1      3.17                      3.36  -0.19     2.55

SNOWFALL (IN)
  YESTERDAY        0.0           4.9  2001   0.1   -0.1      0.0
  MONTH TO DATE   10.3                       2.7    7.6       T
  SINCE OCT 1     43.2                      37.7    5.5     38.1
  SINCE JUL 1     43.2                      37.7    5.5     38.1
  SNOW DEPTH       0

DEGREE DAYS
 HEATING
  YESTERDAY       19                        18      1       15
  MONTH TO DATE  758                       496    262      389
  SINCE MAR 1   1886                      1584    302     1435
  SINCE JUL 1   8253                      8047    206     7050

 COOLING
  YESTERDAY        0                         0      0        0
  MONTH TO DATE    0                         0      0        0
  SINCE MAR 1      0                         0      0        0
  SINCE JAN 1      0                         0      0        0
..................................................................


WIND (MPH)
  HIGHEST WIND SPEED    23   HIGHEST WIND DIRECTION     S (190)
  HIGHEST GUST SPEED    33   HIGHEST GUST DIRECTION     S (180)
  AVERAGE WIND SPEED    10.8


SKY COVER
  POSSIBLE SUNSHINE  MM
  AVERAGE SKY COVER 0.0


WEATHER CONDITIONS
 THE FOLLOWING WEATHER WAS RECORDED YESTERDAY.
  FOG


RELATIVE HUMIDITY (PERCENT)
 HIGHEST   100           400 AM
 LOWEST     31           200 PM
 AVERAGE    66

..........................................................


THE ABERDEEN SD CLIMATE NORMALS FOR TODAY
                         NORMAL    RECORD    YEAR
 MAXIMUM TEMPERATURE (F)   61        90      2009
 MINIMUM TEMPERATURE (F)   35        14      1956


SUNRISE AND SUNSET
APRIL 23 2018.........SUNRISE   635 AM CDT   SUNSET   830 PM CDT
APRIL 24 2018.........SUNRISE   633 AM CDT   SUNSET   832 PM CDT


-  INDICATES NEGATIVE NUMBERS.
R  INDICATES RECORD WAS SET OR TIED.
MM INDICATES DATA IS MISSING.
T  INDICATES TRACE AMOUNT.




$$
