000
CDAK48 PAFC 270105
CLIADQ


CLIMATE REPORT
NATIONAL WEATHER SERVICE ANCHORAGE, AK
504 PM AKDT THU APR 26 2018


...................................

...THE KODIAK CLIMATE SUMMARY FOR APRIL 26 2018...
VALID TODAY AS OF 0500 PM LOCAL TIME.

CLIMATE NORMAL PERIOD 1981 TO 2010
CLIMATE RECORD PERIOD 1913 TO 2018


WEATHER ITEM   OBSERVED TIME   RECORD YEAR NORMAL DEPARTURE LAST
                VALUE   (LST)  VALUE       VALUE  FROM      YEAR
                                                  NORMAL
..................................................................
TEMPERATURE (F)
 TODAY
  MAXIMUM         50        MM  60    1990  46      4       51
  MINIMUM         36        MM  24    1967  35      1       34
  AVERAGE         43                        40      3       43

PRECIPITATION (IN)
  TODAY            0.00          1.54 1994   0.19  -0.19     0.00
  MONTH TO DATE    5.50                      5.06   0.44     6.96
  SINCE MAR 1      7.66                     10.59  -2.93     7.66
  SINCE JAN 1     18.59                     25.02  -6.43    13.20

SNOWFALL (IN)
  TODAY            0.0          MM      MM   0.1   -0.1      0.0
  MONTH TO DATE    0.0                       7.6   -7.6      1.1
  SINCE MAR 1      1.1                      18.9  -17.8      2.6
  SINCE JUL 1     17.9                      68.3  -50.4     28.4
  SNOW DEPTH       0

DEGREE DAYS
 HEATING
  TODAY           22                        25     -3       22
  MONTH TO DATE  628                       724    -96      646
  SINCE MAR 1   1518                      1722   -204     1759
  SINCE JUL 1   6819                      7594   -775     7100

 COOLING
  TODAY            0                         0      0        0
  MONTH TO DATE    0                         0      0        0
  SINCE MAR 1      0                         0      0        0
  SINCE JAN 1      0                         0      0        0
..................................................................


WIND (MPH)
  RESULTANT WIND SPEED   7   RESULTANT WIND DIRECTION   S (190)
  HIGHEST WIND SPEED    15   HIGHEST WIND DIRECTION     S (180)
  HIGHEST GUST SPEED    MM   HIGHEST GUST DIRECTION    MM
  AVERAGE WIND SPEED     7.6



WEATHER CONDITIONS
 THE FOLLOWING WEATHER WAS RECORDED TODAY.
  NO SIGNIFICANT WEATHER WAS OBSERVED.


RELATIVE HUMIDITY (PERCENT)
 HIGHEST    76
 LOWEST     50
 AVERAGE    63

..........................................................


THE KODIAK CLIMATE NORMALS FOR TOMORROW
                         NORMAL    RECORD    YEAR
 MAXIMUM TEMPERATURE (F)   46        61      1990
 MINIMUM TEMPERATURE (F)   35        23      1975


SUNRISE AND SUNSET
APRIL 26 2018.........SUNRISE   631 AM AKDT  SUNSET   947 PM AKDT
APRIL 27 2018.........SUNRISE   628 AM AKDT  SUNSET   949 PM AKDT


-  INDICATES NEGATIVE NUMBERS.
R  INDICATES RECORD WAS SET OR TIED.
MM INDICATES DATA IS MISSING.
T  INDICATES TRACE AMOUNT.




$$
