315
CDAK48 PAFC 270106
CLIAKN


CLIMATE REPORT
NATIONAL WEATHER SERVICE ANCHORAGE, AK
458 PM AKDT SAT MAY 26 2018


...................................

...THE KING SALMON CLIMATE SUMMARY FOR MAY 26 2018...
VALID TODAY AS OF 0400 PM LOCAL TIME.

CLIMATE NORMAL PERIOD 1981 TO 2010
CLIMATE RECORD PERIOD 1917 TO 2018


WEATHER ITEM   OBSERVED TIME   RECORD YEAR NORMAL DEPARTURE LAST
                VALUE   (LST)  VALUE       VALUE  FROM      YEAR
                                                  NORMAL
..................................................................
TEMPERATURE (F)
 TODAY
  MAXIMUM         64    210 PM  85    2006  57      7       51
  MINIMUM         39    556 AM  20    1931  37      2       33
  AVERAGE         52                        47      5       42

PRECIPITATION (IN)
  TODAY            T             0.53 1962   0.04  -0.04     0.09
  MONTH TO DATE    1.50                      1.02   0.48     1.04
  SINCE MAR 1      7.00                      2.69   4.31     1.84
  SINCE JAN 1     10.70                      4.47   6.23     3.04

SNOWFALL (IN)
  TODAY            0.0          MM      MM   0.1   -0.1      0.0
  MONTH TO DATE    T                         0.8   -0.8      0.0
  SINCE MAR 1     32.3                      11.1   21.2      3.3
  SINCE JUL 1     56.2                      46.6    9.6     26.0
  SNOW DEPTH       0

DEGREE DAYS
 HEATING
  TODAY           13                        18     -5       23
  MONTH TO DATE  529                       558    -29      522
  SINCE MAR 1   2486                      2763   -277     2921
  SINCE JUL 1   8972                     10383  -1411    10054

 COOLING
  TODAY            0                         0      0        0
  MONTH TO DATE    0                         0      0        0
  SINCE MAR 1      0                         0      0        0
  SINCE JAN 1      0                         0      0        0
..................................................................


WIND (MPH)
  RESULTANT WIND SPEED   5   RESULTANT WIND DIRECTION  NE (30)
  HIGHEST WIND SPEED    13   HIGHEST WIND DIRECTION    NE (30)
  HIGHEST GUST SPEED    18   HIGHEST GUST DIRECTION    NE (40)
  AVERAGE WIND SPEED     6.3



WEATHER CONDITIONS
 THE FOLLOWING WEATHER WAS RECORDED TODAY.
  NO SIGNIFICANT WEATHER WAS OBSERVED.


RELATIVE HUMIDITY (PERCENT)
 HIGHEST    85
 LOWEST     32
 AVERAGE    59

..........................................................


THE KING SALMON CLIMATE NORMALS FOR TOMORROW
                         NORMAL    RECORD    YEAR
 MAXIMUM TEMPERATURE (F)   57        77      2016
 MINIMUM TEMPERATURE (F)   37        27      1976
                                             1955


SUNRISE AND SUNSET
MAY 26 2018...........SUNRISE   536 AM AKDT  SUNSET  1112 PM AKDT
MAY 27 2018...........SUNRISE   535 AM AKDT  SUNSET  1114 PM AKDT


-  INDICATES NEGATIVE NUMBERS.
R  INDICATES RECORD WAS SET OR TIED.
MM INDICATES DATA IS MISSING.
T  INDICATES TRACE AMOUNT.




$$
