000
CDUS41 KALY 260624
CLIALB


CLIMATE REPORT
NATIONAL WEATHER SERVICE ALBANY NY
222 AM EDT THU APR 26 2018


...................................

...THE ALBANY NY CLIMATE SUMMARY FOR APRIL 25 2018...

CLIMATE NORMAL PERIOD 1981 TO 2010
CLIMATE RECORD PERIOD 1874 TO 2018


WEATHER ITEM   OBSERVED TIME   RECORD YEAR NORMAL DEPARTURE LAST
                VALUE   (LST)  VALUE       VALUE  FROM      YEAR
                                                  NORMAL
..................................................................
TEMPERATURE (F)
 YESTERDAY
  MAXIMUM         57    558 PM  89    2009  63     -6       56
  MINIMUM         49    656 AM  23    1965  41      8       45
  AVERAGE         53                        52      1       51

PRECIPITATION (IN)
  YESTERDAY        1.05          1.75 1945   0.10   0.95     0.17
  MONTH TO DATE    3.28                      2.63   0.65     2.79
  SINCE MAR 1      6.34                      5.84   0.50     6.86
  SINCE JAN 1     11.81                     10.63   1.18    12.84

SNOWFALL (IN)
  YESTERDAY        0.0           0.3  1928   0.1   -0.1      0.0
  MONTH TO DATE    2.4                       2.2    0.2      0.2
  SINCE MAR 1     38.4                      13.2   25.2     19.6
  SINCE JUL 1     77.3                      60.1   17.2     60.8
  SNOW DEPTH       0

DEGREE DAYS
 HEATING
  YESTERDAY       12                        14     -2       14
  MONTH TO DATE  621                       457    164      351
  SINCE MAR 1   1572                      1386    186     1376
  SINCE JUL 1   6114                      6330   -216     5539

 COOLING
  YESTERDAY        0                         0      0        0
  MONTH TO DATE    0                         0      0       16
  SINCE MAR 1      0                         0      0       16
  SINCE JAN 1      0                         0      0       16
..................................................................


WIND (MPH)
  HIGHEST WIND SPEED     9   HIGHEST WIND DIRECTION    NW (310)
  HIGHEST GUST SPEED    14   HIGHEST GUST DIRECTION     S (180)
  AVERAGE WIND SPEED     3.3


SKY COVER
  AVERAGE SKY COVER 1.0



RELATIVE HUMIDITY (PERCENT)
 HIGHEST    93
 LOWEST     77
 AVERAGE    85

..........................................................


THE ALBANY NY CLIMATE NORMALS FOR TODAY
                         NORMAL    RECORD    YEAR
 MAXIMUM TEMPERATURE (F)   63        90      1990
 MINIMUM TEMPERATURE (F)   41        24      1972


SUNRISE AND SUNSET
APRIL 26 2018.........SUNRISE   557 AM EDT   SUNSET   750 PM EDT
APRIL 27 2018.........SUNRISE   555 AM EDT   SUNSET   751 PM EDT


-  INDICATES NEGATIVE NUMBERS.
R  INDICATES RECORD WAS SET OR TIED.
MM INDICATES DATA IS MISSING.
T  INDICATES TRACE AMOUNT.




$$
