000
CDUS43 KDMX 260638 RRA
CLIALO

DSMCLIALZ 000
TTAA00 KDMX 260637


CLIMATE REPORT
NATIONAL WEATHER SERVICE DES MOINES IA
137 AM CDT SAT MAY 26 2018


...................................

...THE WATERLOO IA CLIMATE SUMMARY FOR MAY 25 2018...

CLIMATE NORMAL PERIOD 1981 TO 2010
CLIMATE RECORD PERIOD 1895 TO 2018


WEATHER ITEM   OBSERVED TIME   RECORD YEAR NORMAL DEPARTURE LAST
                VALUE   (LST)  VALUE       VALUE  FROM      YEAR
                                                  NORMAL
..................................................................
TEMPERATURE (F)
 YESTERDAY
  MAXIMUM         87    450 PM  92    1967  75     12       73
  MINIMUM         63   1035 PM  29    1925  52     11       38
  AVERAGE         75                        64     11       56

PRECIPITATION (IN)
  YESTERDAY        0.39          2.31 1904   0.15   0.24     0.00
  MONTH TO DATE    2.58                      3.61  -1.03     3.44
  SINCE MAR 1      5.98                      9.38  -3.40     9.01
  SINCE JAN 1     10.46                     11.20  -0.74    12.94

SNOWFALL (IN)
  YESTERDAY        0.0          MM      MM   0.0    0.0      0.0
  MONTH TO DATE    0.0                       0.0    0.0      0.0
  SINCE MAR 1     23.5                       6.4   17.1     10.6
  SINCE JUL 1     45.6                      35.3   10.3     26.2
  SNOW DEPTH       0

DEGREE DAYS
 HEATING
  YESTERDAY        0                         4     -4        9
  MONTH TO DATE   82                       169    -87      223
  SINCE MAR 1   1885                      1566    319     1552
  SINCE JUL 1   7328                      6985    343     6014

 COOLING
  YESTERDAY       10                         2      8        0
  MONTH TO DATE   48                        34     14       30
  SINCE MAR 1     49                        42      7       36
  SINCE JAN 1     49                        42      7       36
..................................................................


WIND (MPH)
  HIGHEST WIND SPEED    25   HIGHEST WIND DIRECTION     N (360)
  HIGHEST GUST SPEED    33   HIGHEST GUST DIRECTION     N (360)
  AVERAGE WIND SPEED     9.8


SKY COVER
  POSSIBLE SUNSHINE  MM
  AVERAGE SKY COVER 0.1


WEATHER CONDITIONS
 THE FOLLOWING WEATHER WAS RECORDED YESTERDAY.
  THUNDERSTORM
  HEAVY RAIN
  LIGHT RAIN
  FOG


RELATIVE HUMIDITY (PERCENT)
 HIGHEST    93           300 AM
 LOWEST     48           400 PM
 AVERAGE    71

..........................................................


THE WATERLOO IA CLIMATE NORMALS FOR TODAY
                         NORMAL    RECORD    YEAR
 MAXIMUM TEMPERATURE (F)   75        94      1967
 MINIMUM TEMPERATURE (F)   53        33      1961


SUNRISE AND SUNSET
MAY 26 2018...........SUNRISE   538 AM CDT   SUNSET   836 PM CDT
MAY 27 2018...........SUNRISE   538 AM CDT   SUNSET   836 PM CDT


-  INDICATES NEGATIVE NUMBERS.
R  INDICATES RECORD WAS SET OR TIED.
MM INDICATES DATA IS MISSING.
T  INDICATES TRACE AMOUNT.




$$
