000
CDUS42 KJAX 200526
CLIAMG


CLIMATE REPORT
NATIONAL WEATHER SERVICE JACKSONVILLE FL
126 AM EDT SUN MAY 20 2018


...................................

...THE ALMA CLIMATE SUMMARY FOR MAY 19 2018...

CLIMATE NORMAL PERIOD 1981 TO 2010
CLIMATE RECORD PERIOD 1948 TO 2018


WEATHER ITEM   OBSERVED TIME   RECORD YEAR NORMAL DEPARTURE LAST
                VALUE   (LST)  VALUE       VALUE  FROM      YEAR
                                                  NORMAL
..................................................................
TEMPERATURE (F)
 YESTERDAY
  MAXIMUM         89    439 PM  97    1960  86      3       92
  MINIMUM         68    420 AM  48    2011  63      5       61
  AVERAGE         79                        75      4       77

PRECIPITATION (IN)
  YESTERDAY        T             3.93 1969   0.08  -0.08     0.00
  MONTH TO DATE    1.98                      1.28   0.70     1.42
  SINCE MAR 1      6.03                      8.84  -2.81     4.42
  SINCE JAN 1      9.54                     16.90  -7.36    12.55

SNOWFALL (IN)
  YESTERDAY        0.0           0.0    MM   0.0    0.0      0.0
  MONTH TO DATE    0.0                       0.0    0.0      0.0
  SINCE MAR 1      0.0                       0.0    0.0      0.0
  SINCE JUL 1      3.0                       0.1    2.9      0.0
  SNOW DEPTH       0

DEGREE DAYS
 HEATING
  YESTERDAY        0                         0      0        0
  MONTH TO DATE    0                         3     -3        3
  SINCE MAR 1    305                       255     50      227
  SINCE JUL 1   1551                      1656   -105     1083

 COOLING
  YESTERDAY       14                        10      4       12
  MONTH TO DATE  183                       141     42      152
  SINCE MAR 1    278                       279     -1      391
  SINCE JAN 1    370                       295     75      446
..................................................................


WIND (MPH)
  HIGHEST WIND SPEED    16   HIGHEST WIND DIRECTION    SE (140)
  HIGHEST GUST SPEED    23   HIGHEST GUST DIRECTION     E (110)
  AVERAGE WIND SPEED     2.4


SKY COVER
  POSSIBLE SUNSHINE  MM
  AVERAGE SKY COVER 0.4


WEATHER CONDITIONS
 THE FOLLOWING WEATHER WAS RECORDED YESTERDAY.
  LIGHT RAIN
  FOG


RELATIVE HUMIDITY (PERCENT)
 HIGHEST   100           700 AM
 LOWEST     46           300 PM
 AVERAGE    73

..........................................................


THE ALMA CLIMATE NORMALS FOR TODAY
                         NORMAL    RECORD    YEAR
 MAXIMUM TEMPERATURE (F)   87        99      1962
 MINIMUM TEMPERATURE (F)   63        46      2002


SUNRISE AND SUNSET
MAY 20 2018...........SUNRISE   631 AM EDT   SUNSET   823 PM EDT
MAY 21 2018...........SUNRISE   630 AM EDT   SUNSET   824 PM EDT


-  INDICATES NEGATIVE NUMBERS.
R  INDICATES RECORD WAS SET OR TIED.
MM INDICATES DATA IS MISSING.
T  INDICATES TRACE AMOUNT.




$$
