000
CDUS43 KAPX 200537
CLIANJ


CLIMATE REPORT
NATIONAL WEATHER SERVICE GAYLORD MI
136 AM EDT TUE AUG 20 2019


...................................

...THE SAULT STE MARIE MI CLIMATE SUMMARY FOR AUGUST 19 2019...

CLIMATE NORMAL PERIOD 1981 TO 2010
CLIMATE RECORD PERIOD 1888 TO 2019


WEATHER ITEM   OBSERVED TIME   RECORD YEAR NORMAL DEPARTURE LAST
                VALUE   (LST)  VALUE       VALUE  FROM      YEAR
                                                  NORMAL
..................................................................
TEMPERATURE (F)
 YESTERDAY
  MAXIMUM         81    421 PM  92    1955  75      6       82
  MINIMUM         56    616 AM  38    1981  55      1       55
  AVERAGE         69                        64      5       69

PRECIPITATION (IN)
  YESTERDAY        0.00          1.54 1900   0.09  -0.09     0.00
  MONTH TO DATE    0.83                      1.92  -1.09     0.85
  SINCE JUN 1      7.46                      7.48  -0.02     3.78
  SINCE JAN 1     25.78                     17.92   7.86    13.97

DEGREE DAYS
 HEATING
  YESTERDAY        0                         2     -2        0
  MONTH TO DATE    6                        38    -32        7
  SINCE JUN 1    193                       287    -94      124
  SINCE JUL 1     25                       107    -82       19

 COOLING
  YESTERDAY        4                         2      2        4
  MONTH TO DATE   58                        49      9      103
  SINCE JUN 1    194                       157     37      331
  SINCE JAN 1    194                       162     32      352
..................................................................


WIND (MPH)
  HIGHEST WIND SPEED    15   HIGHEST WIND DIRECTION    SW (230)
  HIGHEST GUST SPEED    21   HIGHEST GUST DIRECTION    SW (230)
  AVERAGE WIND SPEED     5.6




RELATIVE HUMIDITY (PERCENT)
 HIGHEST    93
 LOWEST     33
 AVERAGE    63

..........................................................


THE SAULT STE MARIE MI CLIMATE NORMALS FOR TODAY
                         NORMAL    RECORD    YEAR
 MAXIMUM TEMPERATURE (F)   74        94      1976
 MINIMUM TEMPERATURE (F)   54        34      1977


SUNRISE AND SUNSET
AUGUST 20 2019........SUNRISE   642 AM EDT   SUNSET   839 PM EDT
AUGUST 21 2019........SUNRISE   643 AM EDT   SUNSET   837 PM EDT


-  INDICATES NEGATIVE NUMBERS.
R  INDICATES RECORD WAS SET OR TIED.
MM INDICATES DATA IS MISSING.
T  INDICATES TRACE AMOUNT.




$$
