000
CDUS43 KAPX 200527
CLIANJ


CLIMATE REPORT
NATIONAL WEATHER SERVICE GAYLORD MI
126 AM EDT FRI APR 20 2018


...................................

...THE SAULT STE MARIE MI CLIMATE SUMMARY FOR APRIL 19 2018...

CLIMATE NORMAL PERIOD 1981 TO 2010
CLIMATE RECORD PERIOD 1888 TO 2018


WEATHER ITEM   OBSERVED TIME   RECORD YEAR NORMAL DEPARTURE LAST
                VALUE   (LST)  VALUE       VALUE  FROM      YEAR
                                                  NORMAL
..................................................................
TEMPERATURE (F)
 YESTERDAY
  MAXIMUM         39    449 PM  81    2005  51    -12       53
  MINIMUM         27    530 AM   5    1897  33     -6       40
  AVERAGE         33                        42     -9       47

PRECIPITATION (IN)
  YESTERDAY        0.00          1.00 1919   0.08  -0.08     0.04
  MONTH TO DATE    2.27                      1.57   0.70     2.23
  SINCE MAR 1      3.54                      3.52   0.02     4.18
  SINCE JAN 1      7.02                      7.05  -0.03    10.14

SNOWFALL (IN)
  YESTERDAY        0.0           6.2  1928   0.2   -0.2      0.0
  MONTH TO DATE   27.4                       5.3   22.1      0.5
  SINCE OCT 1    127.8                     118.9    8.9    137.4
  SINCE JUL 1    127.8                     118.9    8.9    137.4
  SNOW DEPTH      16

DEGREE DAYS
 HEATING
  YESTERDAY       32                        23      9       18
  MONTH TO DATE  695                       518    177      433
  SINCE MAR 1   1876                      1718    158     1631
  SINCE JUL 1   7703                      7844   -141     6505

 COOLING
  YESTERDAY        0                         0      0        0
  MONTH TO DATE    0                         0      0        0
  SINCE MAR 1      0                         0      0        0
  SINCE JAN 1      0                         0      0        0
..................................................................


WIND (MPH)
  HIGHEST WIND SPEED    21   HIGHEST WIND DIRECTION    NW (310)
  HIGHEST GUST SPEED    31   HIGHEST GUST DIRECTION    NW (310)
  AVERAGE WIND SPEED    10.8




RELATIVE HUMIDITY (PERCENT)
 HIGHEST    75
 LOWEST     47
 AVERAGE    61

..........................................................


THE SAULT STE MARIE MI CLIMATE NORMALS FOR TODAY
                         NORMAL    RECORD    YEAR
 MAXIMUM TEMPERATURE (F)   52        81      1987
 MINIMUM TEMPERATURE (F)   33        10      1928


SUNRISE AND SUNSET
APRIL 20 2018.........SUNRISE   641 AM EDT   SUNSET   832 PM EDT
APRIL 21 2018.........SUNRISE   640 AM EDT   SUNSET   833 PM EDT


-  INDICATES NEGATIVE NUMBERS.
R  INDICATES RECORD WAS SET OR TIED.
MM INDICATES DATA IS MISSING.
T  INDICATES TRACE AMOUNT.




$$
