894
CDAK47 PAJK 231127
CLIANN
CLIMATE REPORT
NATIONAL WEATHER SERVICE JUNEAU, AK
326 AM AKDT MON APR 23 2018


...................................

...THE ANNETTE ISLAND CLIMATE SUMMARY FOR APRIL 22 2018...

CLIMATE NORMAL PERIOD 1981 TO 2010
CLIMATE RECORD PERIOD 1941 TO 2018


WEATHER ITEM   OBSERVED RECORD YEAR NORMAL DEPARTURE LAST
                VALUE   VALUE       VALUE  FROM      YEAR
                                           NORMAL
...........................................................
TEMPERATURE (F)
 YESTERDAY
  MAXIMUM         47     69    2017  51     -4       69
  MINIMUM         43     30    2008  39      4       47
                               1976
                               1955
  AVERAGE         45                 45      0       58

PRECIPITATION (IN)
  YESTERDAY        0.08   1.64 1957   0.21  -0.13     0.00
  MONTH TO DATE    5.28               5.17   0.11     2.48
  SINCE JAN 1     17.56              31.26 -13.70    27.91

DEGREE DAYS
 HEATING
  YESTERDAY       20                 20      0        7
  MONTH TO DATE  448                472    -24      320
...........................................................


WIND (MPH)
  HIGHEST WIND SPEED    21   HIGHEST WIND DIRECTION    SE (130)
  HIGHEST GUST SPEED    30   HIGHEST GUST DIRECTION    SE (120)
  AVERAGE WIND SPEED    13.6


SKY COVER
  AVERAGE SKY COVER 1.0


WEATHER CONDITIONS
 THE FOLLOWING WEATHER WAS RECORDED YESTERDAY.
  LIGHT RAIN


..........................................................


THE ANNETTE ISLAND CLIMATE NORMALS FOR TODAY
                         NORMAL    RECORD    YEAR
 MAXIMUM TEMPERATURE (F)   52        76      2005
 MINIMUM TEMPERATURE (F)   39        30      1984


SUNRISE AND SUNSET
APRIL 23 2018.........SUNRISE   524 AM AKDT  SUNSET   807 PM AKDT
APRIL 24 2018.........SUNRISE   521 AM AKDT  SUNSET   809 PM AKDT


-  INDICATES NEGATIVE NUMBERS.
R  INDICATES RECORD WAS SET OR TIED.
MM INDICATES DATA IS MISSING.
T  INDICATES TRACE AMOUNT.




$$
--------------------------------------------------------------

AMOUNT OF DAYLIGHT TODAY (HOUR:MIN)......... 14 HOURS 43 MINUTES
GAIN/LOSS SINCE YESTERDAY (HOUR:MIN:SEC).... +0:04:16

$$
