000
CDUS42 KMFL 200826
CLIAPF


CLIMATE REPORT
NATIONAL WEATHER SERVICE MIAMI, FL
425 AM EDT FRI APR 20 2018


...................................

...THE NAPLES CLIMATE SUMMARY FOR APRIL 19 2018...

CLIMATE NORMAL PERIOD 1981 TO 2010
CLIMATE RECORD PERIOD 1942 TO 2018


WEATHER ITEM   OBSERVED TIME   RECORD YEAR NORMAL DEPARTURE LAST
                VALUE   (LST)  VALUE       VALUE  FROM      YEAR
                                                  NORMAL
..................................................................
TEMPERATURE (F)
 YESTERDAY
  MAXIMUM         81    259 PM  93    2011  84     -3       88
  MINIMUM         64    446 AM  48    1997  64      0       68
  AVERAGE         73                        74     -1       78

PRECIPITATION (IN)
  YESTERDAY        0.00          1.96 1989   0.09  -0.09     0.00
  MONTH TO DATE    0.66                      1.59  -0.93     0.22
  SINCE NOV 1      3.77                     11.41  -7.64     2.63
  SINCE JAN 1      2.62                      7.92  -5.30     2.28

SNOWFALL (IN)
  YESTERDAY        0.0
  MONTH TO DATE    0.0
  SINCE MAR 1      0.0
  SINCE JUL 1      0.0
  SNOW DEPTH       0

DEGREE DAYS
 HEATING
  YESTERDAY        0                         0      0        0
  MONTH TO DATE    0                         0      0        0
  SINCE MAR 1     22                        23     -1       11
  SINCE JUL 1    200                       256    -56       67

 COOLING
  YESTERDAY        8                         9     -1       13
  MONTH TO DATE  209                       145     64      202
  SINCE MAR 1    350                       321     29      399
  SINCE JAN 1    710                       512    198      722
..................................................................


WIND (MPH)
  HIGHEST WIND SPEED    16   HIGHEST WIND DIRECTION    NW (300)
  HIGHEST GUST SPEED    21   HIGHEST GUST DIRECTION    NW (300)
  AVERAGE WIND SPEED     5.8


SKY COVER
  AVERAGE SKY COVER 0.0


WEATHER CONDITIONS
 THE FOLLOWING WEATHER WAS RECORDED YESTERDAY.
  NO SIGNIFICANT WEATHER WAS OBSERVED.


RELATIVE HUMIDITY (PERCENT)
 HIGHEST   100
 LOWEST     62
 AVERAGE    81

..........................................................


THE NAPLES CLIMATE NORMALS FOR TODAY
                         NORMAL    RECORD    YEAR
 MAXIMUM TEMPERATURE (F)   84        91      1977
                                             1974
 MINIMUM TEMPERATURE (F)   64        48      1997


SUNRISE AND SUNSET
APRIL 20 2018.........SUNRISE   659 AM EDT   SUNSET   753 PM EDT
APRIL 21 2018.........SUNRISE   658 AM EDT   SUNSET   754 PM EDT


-  INDICATES NEGATIVE NUMBERS.
R  INDICATES RECORD WAS SET OR TIED.
MM INDICATES DATA IS MISSING.
T  INDICATES TRACE AMOUNT.




$$
