000
CDUS43 KAPX 250529
CLIAPN


CLIMATE REPORT
NATIONAL WEATHER SERVICE GAYLORD MI
129 AM EDT SUN AUG 25 2019


...................................

...THE ALPENA MI CLIMATE SUMMARY FOR AUGUST 24 2019...

CLIMATE NORMAL PERIOD 1981 TO 2010
CLIMATE RECORD PERIOD 1916 TO 2019


WEATHER ITEM   OBSERVED TIME   RECORD YEAR NORMAL DEPARTURE LAST
                VALUE   (LST)  VALUE       VALUE  FROM      YEAR
                                                  NORMAL
..................................................................
TEMPERATURE (F)
 YESTERDAY
  MAXIMUM         73   1247 PM 100    1947  76     -3       82
  MINIMUM         42    558 AM  32    1940  53    -11       53
  AVERAGE         58                        64     -6       68

PRECIPITATION (IN)
  YESTERDAY        0.00          1.94 1922   0.11  -0.11      T
  MONTH TO DATE    1.35                      2.48  -1.13     1.10
  SINCE JUN 1      6.38                      8.13  -1.75     4.15
  SINCE JAN 1     21.09                     18.03   3.06    17.56

DEGREE DAYS
 HEATING
  YESTERDAY        7                         3      4        0
  MONTH TO DATE   29                        48    -19        0
  SINCE JUN 1    220                       235    -15      135
  SINCE JUL 1     41                        92    -51        2

 COOLING
  YESTERDAY        0                         2     -2        3
  MONTH TO DATE   58                        66     -8      158
  SINCE JUN 1    268                       238     30      432
  SINCE JAN 1    271                       251     20      478
..................................................................


WIND (MPH)
  HIGHEST WIND SPEED    13   HIGHEST WIND DIRECTION    SE (120)
  HIGHEST GUST SPEED    19   HIGHEST GUST DIRECTION    SE (130)
  AVERAGE WIND SPEED     3.4




RELATIVE HUMIDITY (PERCENT)
 HIGHEST    96
 LOWEST     44
 AVERAGE    70

..........................................................


THE ALPENA MI CLIMATE NORMALS FOR TODAY
                         NORMAL    RECORD    YEAR
 MAXIMUM TEMPERATURE (F)   76       100      1948
 MINIMUM TEMPERATURE (F)   52        36      1960
                                             1951
                                             1946


SUNRISE AND SUNSET
AUGUST 25 2019........SUNRISE   648 AM EDT   SUNSET   824 PM EDT
AUGUST 26 2019........SUNRISE   649 AM EDT   SUNSET   823 PM EDT


-  INDICATES NEGATIVE NUMBERS.
R  INDICATES RECORD WAS SET OR TIED.
MM INDICATES DATA IS MISSING.
T  INDICATES TRACE AMOUNT.




$$
