000
CDUS46 KPQR 200221
CLIAST


CLIMATE REPORT
NATIONAL WEATHER SERVICE PORTLAND OREGON
721 PM PDT THU APR 19 2018


...................................

...THE ASTORIA OR CLIMATE SUMMARY FOR APRIL 19 2018...
VALID TODAY AS OF 0700 PM LOCAL TIME.

CLIMATE NORMAL PERIOD 1981 TO 2010
CLIMATE RECORD PERIOD 1892 TO 2018


WEATHER ITEM   OBSERVED TIME   RECORD YEAR NORMAL DEPARTURE LAST
                VALUE   (LST)  VALUE       VALUE  FROM      YEAR
                                                  NORMAL
..................................................................
TEMPERATURE (F)
 TODAY
  MAXIMUM         59    121 PM  74    1956  57      2       56
                                      1934
  MINIMUM         35    545 AM  30    1967  41     -6       46
                                      1966
  AVERAGE         47                        49     -2       51

PRECIPITATION (IN)
  TODAY            0.00          2.24 1965   0.17  -0.17     0.32
  MONTH TO DATE    8.73                      3.55   5.18     5.58
  SINCE OCT 1     62.77                     55.41   7.36    81.78
  SINCE JAN 1     31.98                     28.39   3.59    37.91

DEGREE DAYS
 HEATING
  TODAY           18                        16      2       14
  MONTH TO DATE  311                       320     -9      304
  SINCE MAR 1    931                       898     33      868
  SINCE JUL 1   4089                      4240   -151     3851

 COOLING
  TODAY            0                         0      0        0
  MONTH TO DATE    0                         0      0        0
  SINCE MAR 1      0                         0      0        0
  SINCE JAN 1      0                         0      0        0
..................................................................


WIND (MPH)
  HIGHEST WIND SPEED    17   HIGHEST WIND DIRECTION    NW (310)
  HIGHEST GUST SPEED    20   HIGHEST GUST DIRECTION    NW (310)
  AVERAGE WIND SPEED     6.7


SKY COVER
  POSSIBLE SUNSHINE  MM
  AVERAGE SKY COVER 0.0


WEATHER CONDITIONS
 THE FOLLOWING WEATHER WAS RECORDED TODAY.
  NO SIGNIFICANT WEATHER WAS OBSERVED.


RELATIVE HUMIDITY (PERCENT)
 HIGHEST   100           600 AM
 LOWEST     57           200 PM
 AVERAGE    79

..........................................................


THE ASTORIA OR CLIMATE NORMALS FOR TOMORROW
                         NORMAL    RECORD    YEAR
 MAXIMUM TEMPERATURE (F)   57        83      1956
 MINIMUM TEMPERATURE (F)   41        32      2007


SUNRISE AND SUNSET
APRIL 19 2018.........SUNRISE   622 AM PDT   SUNSET   808 PM PDT
APRIL 20 2018.........SUNRISE   620 AM PDT   SUNSET   810 PM PDT


-  INDICATES NEGATIVE NUMBERS.
R  INDICATES RECORD WAS SET OR TIED.
MM INDICATES DATA IS MISSING.
T  INDICATES TRACE AMOUNT.




$$
