000
CDUS42 KFFC 190819
CLIATL


CLIMATE REPORT
NATIONAL WEATHER SERVICE PEACHTREE CITY GA
419 AM EDT THU APR 19 2018


...................................

...THE ATLANTA CLIMATE SUMMARY FOR APRIL 18 2018...

CLIMATE NORMAL PERIOD 1981 TO 2010
CLIMATE RECORD PERIOD 1878 TO 2018


WEATHER ITEM   OBSERVED TIME   RECORD YEAR NORMAL DEPARTURE LAST
                VALUE   (LST)  VALUE       VALUE  FROM      YEAR
                                                  NORMAL
..................................................................
TEMPERATURE (F)
 YESTERDAY
  MAXIMUM         83    256 PM  87    2002  73     10       81
                                      1937
                                      1896
  MINIMUM         53    629 AM  33    1997  52      1       64
  AVERAGE         68                        63      5       73

PRECIPITATION (IN)
  YESTERDAY        0.00          2.65 1943   0.11  -0.11     0.02
  MONTH TO DATE    1.49                      2.03  -0.54     4.82
  SINCE MAR 1      6.35                      6.84  -0.49     7.50
  SINCE JAN 1     15.72                     15.71   0.01    17.55

DEGREE DAYS
 HEATING
  YESTERDAY        0                         4     -4        0
  MONTH TO DATE  120                       105     15       37
  SINCE MAR 1    472                       447     25      300
  SINCE JUL 1   2416                      2702   -286     1656

 COOLING
  YESTERDAY        3                         2      1        8
  MONTH TO DATE   19                        24     -5       58
  SINCE MAR 1     23                        36    -13      103
  SINCE JAN 1     50                        37     13      108
..................................................................


WIND (MPH)
  RESULTANT WIND SPEED  12   RESULTANT WIND DIRECTION  SW (240)
  HIGHEST WIND SPEED    26   HIGHEST WIND DIRECTION    SW (210)
  HIGHEST GUST SPEED    37   HIGHEST GUST DIRECTION    SW (210)
  AVERAGE WIND SPEED    11.8


SKY COVER
  AVERAGE SKY COVER 0.2


WEATHER CONDITIONS
 THE FOLLOWING WEATHER WAS RECORDED YESTERDAY.
  NO SIGNIFICANT WEATHER WAS OBSERVED.


RELATIVE HUMIDITY (PERCENT)
 HIGHEST    71           600 AM
 LOWEST     26           300 PM
 AVERAGE    49

..........................................................


THE ATLANTA CLIMATE NORMALS FOR TODAY
                         NORMAL    RECORD    YEAR
 MAXIMUM TEMPERATURE (F)   73        88      1941
 MINIMUM TEMPERATURE (F)   52        30      1983


SUNRISE AND SUNSET
APRIL 19 2018.........SUNRISE   702 AM EDT   SUNSET   812 PM EDT
APRIL 20 2018.........SUNRISE   701 AM EDT   SUNSET   813 PM EDT


-  INDICATES NEGATIVE NUMBERS.
R  INDICATES RECORD WAS SET OR TIED.
MM INDICATES DATA IS MISSING.
T  INDICATES TRACE AMOUNT.




$$
