000
CDUS43 KGRR 212124
CLIAZO


CLIMATE REPORT
NATIONAL WEATHER SERVICE GRAND RAPIDS, MI
524 PM EDT MON MAY 21 2018


...................................

...THE KALAMAZOO MI CLIMATE SUMMARY FOR MAY 21 2018...
VALID TODAY AS OF 0500 PM LOCAL TIME.

CLIMATE NORMAL PERIOD 1981 TO 2010
CLIMATE RECORD PERIOD 1998 TO 2018


WEATHER ITEM   OBSERVED TIME   NORMAL DEPARTURE LAST
                VALUE   (LST)  VALUE  FROM      YEAR
                                      NORMAL
......................................................
TEMPERATURE (F)
 TODAY
  MAXIMUM         62   1007 AM  71     -9       73
  MINIMUM         54    240 AM  49      5       52
  AVERAGE         58            60     -2       63

PRECIPITATION (IN)
  TODAY            0.29          0.13   0.16     0.02
  MONTH TO DATE    6.49          2.67   3.82     3.05
  SINCE MAR 1     10.52          8.00   2.52     9.84
  SINCE JAN 1     16.35         11.24   5.11    14.56

DEGREE DAYS
 HEATING
  TODAY            7             6      1        2
  MONTH TO DATE   67           176   -109      210
  SINCE MAR 1   1673          1546    127     1448
  SINCE JUL 1   6234          6319    -85     5344

 COOLING
  TODAY            0             2     -2        0
  MONTH TO DATE   36            16     20       23
  SINCE MAR 1     36            20     16       34
  SINCE JAN 1     36            20     16       34
......................................................


WIND (MPH)
  RESULTANT WIND SPEED   4   RESULTANT WIND DIRECTION   E (90)
  HIGHEST WIND SPEED    12   HIGHEST WIND DIRECTION     E (80)
  HIGHEST GUST SPEED    17   HIGHEST GUST DIRECTION     E (100)
  AVERAGE WIND SPEED     3.9


SKY COVER
  AVERAGE SKY COVER 0.8


WEATHER CONDITIONS
 THE FOLLOWING WEATHER WAS RECORDED TODAY.
  RAIN
  LIGHT RAIN
  FOG
  HAZE


RELATIVE HUMIDITY (PERCENT)
 HIGHEST    93           100 AM
 LOWEST     72           900 AM
 AVERAGE    83

..........................................................


THE KALAMAZOO MI CLIMATE NORMALS FOR TOMORROW
                         NORMAL
 MAXIMUM TEMPERATURE (F)   72
 MINIMUM TEMPERATURE (F)   50


SUNRISE AND SUNSET
MAY 21 2018...........SUNRISE   616 AM EDT   SUNSET   903 PM EDT
MAY 22 2018...........SUNRISE   615 AM EDT   SUNSET   904 PM EDT


-  INDICATES NEGATIVE NUMBERS.
R  INDICATES RECORD WAS SET OR TIED.
MM INDICATES DATA IS MISSING.
T  INDICATES TRACE AMOUNT.




$$
