000
CDAK48 PAFC 241258
CLIBET


CLIMATE REPORT
NATIONAL WEATHER SERVICE ANCHORAGE, AK
458 AM AKDT TUE APR 24 2018


...................................

...THE BETHEL CLIMATE SUMMARY FOR APRIL 23 2018...

CLIMATE NORMAL PERIOD 1981 TO 2010
CLIMATE RECORD PERIOD 1948 TO 2018


WEATHER ITEM   OBSERVED TIME   RECORD YEAR NORMAL DEPARTURE LAST
                VALUE   (LST)  VALUE       VALUE  FROM      YEAR
                                                  NORMAL
..................................................................
TEMPERATURE (F)
 YESTERDAY
  MAXIMUM         42        MM  62    2016  39      3       55
  MINIMUM         30        MM  -7    1955  23      7       36
  AVERAGE         36                        31      5       46

PRECIPITATION (IN)
  YESTERDAY        0.02          0.39 1983   0.02   0.00      T
  MONTH TO DATE    0.48                      0.54  -0.06     0.11
  SINCE MAR 1      0.99                      1.25  -0.26     0.41
  SINCE JAN 1      2.76                      2.75   0.01     2.30

SNOWFALL (IN)
  YESTERDAY        T             2.0  1960   0.1   -0.1      0.0
  MONTH TO DATE    0.6                       4.8   -4.2      0.9
  SINCE MAR 1      5.7                      13.0   -7.3      3.8
  SINCE JUL 1     35.3                      58.8  -23.5     31.2
  SNOW DEPTH       T

DEGREE DAYS
 HEATING
  YESTERDAY       29                        34     -5       19
  MONTH TO DATE  760                       920   -160      698
  SINCE MAR 1   2070                      2464   -394     2523
  SINCE JUL 1   9323                     11202  -1879    10783

 COOLING
  YESTERDAY        0                         0      0        0
  MONTH TO DATE    0                         0      0        0
  SINCE MAR 1      0                         0      0        0
  SINCE JAN 1      0                         0      0        0
..................................................................


WIND (MPH)
  RESULTANT WIND SPEED  11   RESULTANT WIND DIRECTION  SE (130)
  HIGHEST WIND SPEED    16   HIGHEST WIND DIRECTION    SE (150)
  HIGHEST GUST SPEED    23   HIGHEST GUST DIRECTION     E (100)
  AVERAGE WIND SPEED    11.5



WEATHER CONDITIONS
 THE FOLLOWING WEATHER WAS RECORDED YESTERDAY.
  LIGHT RAIN
  LIGHT SNOW
  FOG


RELATIVE HUMIDITY (PERCENT)
 HIGHEST    92
 LOWEST     55
 AVERAGE    74

..........................................................


THE BETHEL CLIMATE NORMALS FOR TODAY
                         NORMAL    RECORD    YEAR
 MAXIMUM TEMPERATURE (F)   40        63      2016
 MINIMUM TEMPERATURE (F)   24       -12      1924


SUNRISE AND SUNSET
APRIL 24 2018.........SUNRISE   700 AM AKDT  SUNSET  1032 PM AKDT
APRIL 25 2018.........SUNRISE   657 AM AKDT  SUNSET  1035 PM AKDT


-  INDICATES NEGATIVE NUMBERS.
R  INDICATES RECORD WAS SET OR TIED.
MM INDICATES DATA IS MISSING.
T  INDICATES TRACE AMOUNT.




$$
