000
CDUS41 KCAR 272028
CLIBGR


CLIMATE REPORT
NATIONAL WEATHER SERVICE CARIBOU, ME
428 PM EDT SUN MAY 27 2018


...................................

...THE BANGOR ME CLIMATE SUMMARY FOR MAY 27 2018...
VALID TODAY AS OF 0400 PM LOCAL TIME.

CLIMATE NORMAL PERIOD 1981 TO 2010
CLIMATE RECORD PERIOD 1925 TO 2018


WEATHER ITEM   OBSERVED TIME   RECORD YEAR NORMAL DEPARTURE LAST
                VALUE   (LST)  VALUE       VALUE  FROM      YEAR
                                                  NORMAL
..................................................................
TEMPERATURE (F)
 TODAY
  MAXIMUM         65    130 PM  89    1933  69     -4       64
  MINIMUM         42    409 AM  31    1969  46     -4       45
                                      1939
  AVERAGE         54                        57     -3       55

PRECIPITATION (IN)
  TODAY            0.00          2.00 1961   0.12  -0.12     0.04
  MONTH TO DATE    2.37                      3.15  -0.78     6.18
  SINCE MAR 1      9.32                     10.15  -0.83    12.23
  SINCE JAN 1     17.84                     15.56   2.28    18.12

SNOWFALL (IN)
  TODAY            0.0           0.0  2002   0.0    0.0      0.0
                                      2001
  MONTH TO DATE    0.0                       0.1   -0.1      0.0
  SINCE MAR 1     35.3                      15.5   19.8     19.3
  SINCE JUL 1    111.3                      66.2   45.1     82.6
  SNOW DEPTH       0

DEGREE DAYS
 HEATING
  TODAY           11                         8      3       10
  MONTH TO DATE  230                       326    -96      336
  SINCE MAR 1   1987                      2078    -91     2120
  SINCE JUL 1   7205                      7724   -519     7248

 COOLING
  TODAY            0                         0      0        0
  MONTH TO DATE    6                         0      6        7
  SINCE MAR 1      6                         0      6        7
  SINCE JAN 1      6                         0      6        7
..................................................................


WIND (MPH)
  HIGHEST WIND SPEED    17   HIGHEST WIND DIRECTION     S (180)
  HIGHEST GUST SPEED    20   HIGHEST GUST DIRECTION     S (190)
  AVERAGE WIND SPEED     6.8


SKY COVER
  POSSIBLE SUNSHINE  MM
  AVERAGE SKY COVER 0.6


WEATHER CONDITIONS
 THE FOLLOWING WEATHER WAS RECORDED TODAY.
  NO SIGNIFICANT WEATHER WAS OBSERVED.


RELATIVE HUMIDITY (PERCENT)
 HIGHEST    96           400 AM
 LOWEST     36           100 PM
 AVERAGE    66

..........................................................


THE BANGOR ME CLIMATE NORMALS FOR TOMORROW
                         NORMAL    RECORD    YEAR
 MAXIMUM TEMPERATURE (F)   69        90      1959
 MINIMUM TEMPERATURE (F)   46        33      1994


SUNRISE AND SUNSET
MAY 27 2018...........SUNRISE   456 AM EDT   SUNSET   810 PM EDT
MAY 28 2018...........SUNRISE   455 AM EDT   SUNSET   811 PM EDT


-  INDICATES NEGATIVE NUMBERS.
R  INDICATES RECORD WAS SET OR TIED.
MM INDICATES DATA IS MISSING.
T  INDICATES TRACE AMOUNT.




$$
