000
CDUS46 KBOI 240931
CLIBKE


CLIMATE REPORT
NATIONAL WEATHER SERVICE BOISE ID
331 AM MDT TUE APR 24 2018


...................................

...THE BAKER OR CLIMATE SUMMARY FOR APRIL 23 2018...

CLIMATE NORMAL PERIOD 1981 TO 2010
CLIMATE RECORD PERIOD 1928 TO 2018


WEATHER ITEM   OBSERVED TIME   RECORD YEAR NORMAL DEPARTURE LAST
                VALUE   (LST)  VALUE       VALUE  FROM      YEAR
                                                  NORMAL
..................................................................
TEMPERATURE (F)
 YESTERDAY
  MAXIMUM         64    358 PM  86    1977  60      4       57
  MINIMUM         34   1159 PM  12    2013  30      4       41
  AVERAGE         49                        45      4       49

PRECIPITATION (IN)
  YESTERDAY        0.00          0.46 1998   0.03  -0.03     0.01
                                      1930
  MONTH TO DATE    0.61                      0.61   0.00     0.48
  SINCE OCT 1      3.97                      5.32  -1.35     5.82
  SINCE JAN 1      2.71                      2.81  -0.10     3.08

DEGREE DAYS
 HEATING
  YESTERDAY       16                        20     -4       16
  MONTH TO DATE  452                       512    -60      530
  SINCE MAR 1   1233                      1360   -127     1262
  SINCE JUL 1   5992                      6880   -888     7090

 COOLING
  YESTERDAY        0                         0      0        0
  MONTH TO DATE    0                         0      0        0
  SINCE MAR 1      0                         0      0        0
  SINCE JAN 1      0                         0      0        0
..................................................................


WIND (MPH)
  RESULTANT WIND SPEED  11   RESULTANT WIND DIRECTION  NW (310)
  HIGHEST WIND SPEED    21   HIGHEST WIND DIRECTION    NW (320)
  HIGHEST GUST SPEED    26   HIGHEST GUST DIRECTION    NW (310)
  AVERAGE WIND SPEED    11.5


SKY COVER
  AVERAGE SKY COVER 0.0


WEATHER CONDITIONS
 THE FOLLOWING WEATHER WAS RECORDED YESTERDAY.
  NO SIGNIFICANT WEATHER WAS OBSERVED.


RELATIVE HUMIDITY (PERCENT)
 HIGHEST    64          1100 PM
 LOWEST     15           300 PM
 AVERAGE    40

..........................................................


THE BAKER OR CLIMATE NORMALS FOR TODAY
                         NORMAL    RECORD    YEAR
 MAXIMUM TEMPERATURE (F)   60        89      1977
 MINIMUM TEMPERATURE (F)   30        14      2002


SUNRISE AND SUNSET
APRIL 24 2018.........SUNRISE   552 AM PDT   SUNSET   748 PM PDT
APRIL 25 2018.........SUNRISE   550 AM PDT   SUNSET   749 PM PDT


-  INDICATES NEGATIVE NUMBERS.
R  INDICATES RECORD WAS SET OR TIED.
MM INDICATES DATA IS MISSING.
T  INDICATES TRACE AMOUNT.




$$
