000
CDUS44 KLCH 261245
CLIBPT


CLIMATE REPORT
NATIONAL WEATHER SERVICE LAKE CHARLES, LA
745 AM CDT THU APR 26 2018


...................................

...THE BEAUMONT PORT ARTHUR CLIMATE SUMMARY FOR APRIL 25 2018...

CLIMATE NORMAL PERIOD 1981 TO 2010
CLIMATE RECORD PERIOD 1901 TO 2018


WEATHER ITEM   OBSERVED TIME   RECORD YEAR NORMAL DEPARTURE LAST
                VALUE   (LST)  VALUE       VALUE  FROM      YEAR
                                                  NORMAL
..................................................................
TEMPERATURE (F)
 YESTERDAY
  MAXIMUM         85    209 PM  91    1932  80      5       80
  MINIMUM         55    503 AM  37    1910  62     -7       58
  AVERAGE         70                        71     -1       69

PRECIPITATION (IN)
  YESTERDAY        T             3.35 1997   0.12  -0.12      T
  MONTH TO DATE    3.09                      2.58   0.51     1.50
  SINCE MAR 1      4.81                      6.11  -1.30    10.36
  SINCE JAN 1     18.74                     14.95   3.79    12.41

SNOWFALL (IN)
  YESTERDAY        0.0           0.0    MM   0.0    0.0      0.0
  MONTH TO DATE    0.0                       0.0    0.0      0.0
  SINCE MAR 1      0.0                       0.0    0.0      0.0
  SINCE JUL 1      3.1                       T      3.1      0.0
  SNOW DEPTH       0

DEGREE DAYS
 HEATING
  YESTERDAY        0                         0      0        0
  MONTH TO DATE   63                        39     24        5
  SINCE MAR 1    138                       187    -49       59
  SINCE JUL 1   1253                      1400   -147      614

 COOLING
  YESTERDAY        5                         6     -1        4
  MONTH TO DATE   71                       111    -40      184
  SINCE MAR 1    179                       166     13      337
  SINCE JAN 1    284                       192     92      531
..................................................................


WIND (MPH)
  HIGHEST WIND SPEED    17   HIGHEST WIND DIRECTION    NW (320)
  HIGHEST GUST SPEED    30   HIGHEST GUST DIRECTION     S (180)
  AVERAGE WIND SPEED     5.5


SKY COVER
  POSSIBLE SUNSHINE  MM
  AVERAGE SKY COVER 0.3


WEATHER CONDITIONS
 THE FOLLOWING WEATHER WAS RECORDED YESTERDAY.
  LIGHT RAIN
  FOG
  FOG W/VISIBILITY <= 1/4 MILE


RELATIVE HUMIDITY (PERCENT)
 HIGHEST   100           200 AM
 LOWEST     43          1200 PM
 AVERAGE    72

..........................................................


THE BEAUMONT PORT ARTHUR CLIMATE NORMALS FOR TODAY
                         NORMAL    RECORD    YEAR
 MAXIMUM TEMPERATURE (F)   80        93      1944
 MINIMUM TEMPERATURE (F)   62        47      1910


SUNRISE AND SUNSET
APRIL 26 2018.........SUNRISE   638 AM CDT   SUNSET   750 PM CDT
APRIL 27 2018.........SUNRISE   637 AM CDT   SUNSET   751 PM CDT


-  INDICATES NEGATIVE NUMBERS.
R  INDICATES RECORD WAS SET OR TIED.
MM INDICATES DATA IS MISSING.
T  INDICATES TRACE AMOUNT.




$$
