000
CDUS43 KDVN 192125
CLIBRL


CLIMATE REPORT
NATIONAL WEATHER SERVICE QUAD CITIES IA IL
424 PM CDT THU APR 19 2018


...................................

...THE BURLINGTON IA CLIMATE SUMMARY FOR APRIL 19 2018...
VALID TODAY AS OF 0400 PM LOCAL TIME.

CLIMATE NORMAL PERIOD 1981 TO 2010
CLIMATE RECORD PERIOD 1897 TO 2018


WEATHER ITEM   OBSERVED TIME   RECORD YEAR NORMAL DEPARTURE LAST
                VALUE   (LST)  VALUE       VALUE  FROM      YEAR
                                                  NORMAL
..................................................................
TEMPERATURE (F)
 TODAY
  MAXIMUM         57    236 PM  85    1915  66     -9       81
  MINIMUM         33    343 AM  26    1988  44    -11       59
  AVERAGE         45                        55    -10       70

PRECIPITATION (IN)
  TODAY            0.00         MM      MM   0.14  -0.14     0.46
  MONTH TO DATE    0.59                      2.17  -1.58     3.07
  SINCE MAR 1      3.49                      4.96  -1.47     6.05
  SINCE JAN 1      7.58                      7.82  -0.24     7.91

DEGREE DAYS
 HEATING
  TODAY           20                        11      9        0
  MONTH TO DATE  512                       260    252      163
  SINCE MAR 1   1332                       988    344      854
  SINCE JUL 1   5825                      5366    459     4548

 COOLING
  TODAY            0                         1     -1        5
  MONTH TO DATE    0                         9     -9       19
  SINCE MAR 1      0                        11    -11       19
  SINCE JAN 1      0                        11    -11       19
..................................................................


WIND (MPH)
  HIGHEST WIND SPEED    16   HIGHEST WIND DIRECTION    NW (320)
  HIGHEST GUST SPEED    20   HIGHEST GUST DIRECTION     N (350)
  AVERAGE WIND SPEED     9.7


SKY COVER
  POSSIBLE SUNSHINE  MM
  AVERAGE SKY COVER 0.5


WEATHER CONDITIONS
 THE FOLLOWING WEATHER WAS RECORDED TODAY.
  NO SIGNIFICANT WEATHER WAS OBSERVED.


RELATIVE HUMIDITY (PERCENT)
 HIGHEST    82          1200 AM
 LOWEST     27           300 PM
 AVERAGE    55

..........................................................


THE BURLINGTON IA CLIMATE NORMALS FOR TOMORROW
                         NORMAL    RECORD    YEAR
 MAXIMUM TEMPERATURE (F)   67        89      1987
 MINIMUM TEMPERATURE (F)   44        28      1956
                                             1953


SUNRISE AND SUNSET
APRIL 19 2018.........SUNRISE   620 AM CDT   SUNSET   748 PM CDT
APRIL 20 2018.........SUNRISE   618 AM CDT   SUNSET   749 PM CDT


-  INDICATES NEGATIVE NUMBERS.
R  INDICATES RECORD WAS SET OR TIED.
MM INDICATES DATA IS MISSING.
T  INDICATES TRACE AMOUNT.




$$
