000
CDAK49 PAFG 220943
CLIBRW

CLIMATE REPORT
NATIONAL WEATHER SERVICE FAIRBANKS AK
143 AM AKDT SUN APR 22 2018


...................................

...THE BARROW AK CLIMATE SUMMARY FOR APRIL 21 2018...

CLIMATE NORMAL PERIOD 1981 TO 2010
CLIMATE RECORD PERIOD 1920 TO 2018


WEATHER ITEM   OBSERVED TIME   RECORD YEAR NORMAL DEPARTURE LAST
                VALUE   (LST)  VALUE       VALUE  FROM      YEAR
                                                  NORMAL
..................................................................
TEMPERATURE (F)
 YESTERDAY
  MAXIMUM         MM        MM  35    1931  12     MM       14
  MINIMUM         MM        MM -25    1969  -1     MM       -7
                                      1961
  AVERAGE         MM                         6     MM        4

PRECIPITATION (IN)
  YESTERDAY        T             0.28 2010   0.00   0.00     0.00
  MONTH TO DATE    0.02                      0.11  -0.09      T
  SINCE MAR 1      0.60                      0.20   0.40     0.30
  SINCE JAN 1      1.00                      0.47   0.53     1.17

SNOWFALL (IN)
  YESTERDAY        0.3           5.4  2010   0.1    0.2      0.0
  MONTH TO DATE    0.3                       2.2   -1.9      0.2
  SINCE MAR 1      6.2                       4.3    1.9      2.6
  SINCE JUL 1     33.4                      33.3    0.1     29.5
  SNOW DEPTH      11

DEGREE DAYS
 HEATING
  YESTERDAY       MM                        59     MM       61
  MONTH TO DATE 1165                      1391   -226     1220
  SINCE MAR 1   3192                      3798   -606     3457
  SINCE JUL 1  13795                     16655  -2860    14419

 COOLING
  YESTERDAY       MM                         0     MM        0
  MONTH TO DATE    0                         0      0        0
  SINCE MAR 1      0                         0      0        0
  SINCE JAN 1      0                         0      0        0
..................................................................


WIND (MPH)
  HIGHEST GUST SPEED    MM   HIGHEST GUST DIRECTION    MM


SKY COVER
  AVERAGE SKY COVER 0.5


WEATHER CONDITIONS
 THE FOLLOWING WEATHER WAS RECORDED YESTERDAY.
  LIGHT SNOW
  FOG
  HAZE


RELATIVE HUMIDITY (PERCENT)
 HIGHEST    90
 LOWEST     79
 AVERAGE    85

..........................................................


THE BARROW AK CLIMATE NORMALS FOR TODAY
                         NORMAL    RECORD    YEAR
 MAXIMUM TEMPERATURE (F)   13        36      1931
 MINIMUM TEMPERATURE (F)    0       -30      1924


SUNRISE AND SUNSET
APRIL 22 2018.........SUNRISE   532 AM AKDT  SUNSET  1125 PM AKDT
APRIL 23 2018.........SUNRISE   526 AM AKDT  SUNSET  1130 PM AKDT

-  INDICATES NEGATIVE NUMBERS.
R  INDICATES RECORD WAS SET OR TIED.
MM INDICATES DATA IS MISSING.
T  INDICATES TRACE AMOUNT.

&&

SNOW DEPTH IS MEASURED AT 3AM AKST/4AM AKDT.

----------------------------
AVAILABLE DAYLIGHT

AMOUNT OF DAYLIGHT TODAY  (HOUR:MIN)........17:53
GAIN/LOSS SINCE YESTERDAY (HOUR:MIN:SEC)....+0:11:28

$$
AY APR 18
