000
CDUS45 KMSO 200737
CLIBTM


CLIMATE REPORT
NATIONAL WEATHER SERVICE MISSOULA, MT
137 AM MDT FRI APR 20 2018


...................................

...THE BUTTE MT CLIMATE SUMMARY FOR APRIL 19 2018...

CLIMATE NORMAL PERIOD 1981 TO 2010
CLIMATE RECORD PERIOD 1895 TO 2018


WEATHER ITEM   OBSERVED TIME   RECORD YEAR NORMAL DEPARTURE LAST
                VALUE   (LST)  VALUE       VALUE  FROM      YEAR
                                                  NORMAL
..................................................................
TEMPERATURE (F)
 YESTERDAY
  MAXIMUM         56    332 PM  78    1962  53      3       57
  MINIMUM         26    621 AM  -3    1941  27     -1       30
  AVERAGE         41                        40      1       44

PRECIPITATION (IN)
  YESTERDAY        0.00          0.45 1929   0.04  -0.04     0.00
  MONTH TO DATE    1.09                      0.70   0.39     1.04
  SINCE OCT 1      4.22                      4.25  -0.03     5.98
  SINCE JAN 1      2.78                      2.36   0.42     2.76

SNOWFALL (IN)
  YESTERDAY       MM
  MONTH TO DATE   MM
  SINCE JAN 1     MM
  SINCE JUL 1     MM
  SNOW DEPTH      MM

DEGREE DAYS
 HEATING
  YESTERDAY       24                        25     -1       21
  MONTH TO DATE  547                       520     27      493
  SINCE MAR 1   1624                      1562     62     1334
  SINCE JUL 1   8112                      8131    -19     8118

 COOLING
  YESTERDAY        0                         0      0        0
  MONTH TO DATE    0                         0      0        0
  SINCE MAR 1      0                         0      0        0
  SINCE JAN 1      0                         0      0        0
..................................................................


WIND (MPH)
  HIGHEST WIND SPEED    15   HIGHEST WIND DIRECTION     E (70)
  HIGHEST GUST SPEED    21   HIGHEST GUST DIRECTION    NE (50)
  AVERAGE WIND SPEED     4.3


SKY COVER
  POSSIBLE SUNSHINE  MM
  AVERAGE SKY COVER 0.4


WEATHER CONDITIONS
 THE FOLLOWING WEATHER WAS RECORDED YESTERDAY.
  NO SIGNIFICANT WEATHER WAS OBSERVED.


RELATIVE HUMIDITY (PERCENT)
 HIGHEST    81           600 AM
 LOWEST     22           300 PM
 AVERAGE    52

..........................................................


THE BUTTE MT CLIMATE NORMALS FOR TODAY
                         NORMAL    RECORD    YEAR
 MAXIMUM TEMPERATURE (F)   53        77      1989
 MINIMUM TEMPERATURE (F)   27         1      2008


SUNRISE AND SUNSET
APRIL 20 2018.........SUNRISE   635 AM MDT   SUNSET   824 PM MDT
APRIL 21 2018.........SUNRISE   633 AM MDT   SUNSET   825 PM MDT


-  INDICATES NEGATIVE NUMBERS.
R  INDICATES RECORD WAS SET OR TIED.
MM INDICATES DATA IS MISSING.
T  INDICATES TRACE AMOUNT.




$$
