000
CDUS41 KBUF 270705
CLIBUF


CLIMATE REPORT
NATIONAL WEATHER SERVICE BUFFALO NY
305 AM EDT FRI APR 27 2018


...................................

...THE BUFFALO NY CLIMATE SUMMARY FOR APRIL 26 2018...

CLIMATE NORMAL PERIOD 1981 TO 2010
CLIMATE RECORD PERIOD 1871 TO 2018


WEATHER ITEM   OBSERVED TIME   RECORD YEAR NORMAL DEPARTURE LAST
                VALUE   (LST)  VALUE       VALUE  FROM      YEAR
                                                  NORMAL
..................................................................
TEMPERATURE (F)
 YESTERDAY
  MAXIMUM         48    411 PM  84    1921  60    -12       75
  MINIMUM         38    615 AM  23    1919  41     -3       53
  AVERAGE         43                        50     -7       64

PRECIPITATION (IN)
  YESTERDAY        0.01          1.71 1885   0.10  -0.09     0.00
  MONTH TO DATE    3.88                      2.62   1.26     5.22
  SINCE MAR 1      6.81                      5.49   1.32     9.58
  SINCE JAN 1     14.15                     11.16   2.99    14.76

SNOWFALL (IN)
  YESTERDAY       MM             2.4  1919   0.0   MM        0.0
  MONTH TO DATE    6.9                       2.6    4.3      2.3
  SINCE MAR 1     29.1                      15.5   13.6     29.1
  SINCE JUL 1    112.3                      94.3   18.0     76.1
  SNOW DEPTH       0

DEGREE DAYS
 HEATING
  YESTERDAY       22                        15      7        1
  MONTH TO DATE  686                       518    168      397
  SINCE MAR 1   1720                      1479    241     1381
  SINCE JUL 1   6230                      6223      7     5273

 COOLING
  YESTERDAY        0                         0      0        0
  MONTH TO DATE    0                         0      0        2
  SINCE MAR 1      0                         0      0        2
  SINCE JAN 1      0                         0      0        2
..................................................................


WIND (MPH)
  HIGHEST WIND SPEED    25   HIGHEST WIND DIRECTION    SW (230)
  HIGHEST GUST SPEED    31   HIGHEST GUST DIRECTION    SW (230)
  AVERAGE WIND SPEED    12.9


SKY COVER
  AVERAGE SKY COVER 0.6


WEATHER CONDITIONS
 THE FOLLOWING WEATHER WAS RECORDED YESTERDAY.
  LIGHT RAIN
  FOG


RELATIVE HUMIDITY (PERCENT)
 HIGHEST   100           300 AM
 LOWEST     60           400 PM
 AVERAGE    80

..........................................................


THE BUFFALO NY CLIMATE NORMALS FOR TODAY
                         NORMAL    RECORD    YEAR
 MAXIMUM TEMPERATURE (F)   60        85      2017
 MINIMUM TEMPERATURE (F)   41        25      1993


SUNRISE AND SUNSET
APRIL 27 2018.........SUNRISE   615 AM EDT   SUNSET   811 PM EDT
APRIL 28 2018.........SUNRISE   613 AM EDT   SUNSET   812 PM EDT


-  INDICATES NEGATIVE NUMBERS.
R  INDICATES RECORD WAS SET OR TIED.
MM INDICATES DATA IS MISSING.
T  INDICATES TRACE AMOUNT.




$$
