000
CDUS43 KLMK 260626
CLIBWG


CLIMATE REPORT
NATIONAL WEATHER SERVICE LOUISVILLE KY
226 AM EDT THU APR 26 2018


...................................

...THE BOWLING GREEN KY CLIMATE SUMMARY FOR APRIL 25 2018...

CLIMATE NORMAL PERIOD 1981 TO 2010
CLIMATE RECORD PERIOD 1870 TO 2018


WEATHER ITEM   OBSERVED TIME   RECORD YEAR NORMAL DEPARTURE LAST
                VALUE   (LST)  VALUE       VALUE  FROM      YEAR
                                                  NORMAL
..................................................................
TEMPERATURE (F)
 YESTERDAY
  MAXIMUM         70    205 PM  92    1915  72     -2       77
  MINIMUM         55    601 AM  32    2013  49      6       50
                                      1927
                                      1910
  AVERAGE         63                        60      3       64

PRECIPITATION (IN)
  YESTERDAY        0.00          1.13 1932   0.17  -0.17     0.00
  MONTH TO DATE    3.82                      3.55   0.27     4.04
  SINCE MAR 1      8.08                      7.96   0.12     7.83
  SINCE JAN 1     18.95                     15.53   3.42    14.41

SNOWFALL (IN)
  YESTERDAY        0.0           2.3  1910   0.0    0.0      0.0
  MONTH TO DATE    0.3                       0.2    0.1      0.0
  SINCE MAR 1      2.6                       1.3    1.3       T
  SINCE JUL 1     11.0                       9.1    1.9      0.7
  SNOW DEPTH       0

DEGREE DAYS
 HEATING
  YESTERDAY        2                         6     -4        1
  MONTH TO DATE  326                       225    101      106
  SINCE MAR 1    869                       745    124      545
  SINCE JUL 1   3883                      3943    -60     2926

 COOLING
  YESTERDAY        0                         1     -1        0
  MONTH TO DATE   11                        24    -13       55
  SINCE MAR 1     11                        29    -18       61
  SINCE JAN 1     26                        29     -3       65
..................................................................


WIND (MPH)
  HIGHEST WIND SPEED    12   HIGHEST WIND DIRECTION     N (360)
  HIGHEST GUST SPEED    20   HIGHEST GUST DIRECTION     N (340)
  AVERAGE WIND SPEED     3.3


SKY COVER
  POSSIBLE SUNSHINE  MM
  AVERAGE SKY COVER 0.9


WEATHER CONDITIONS
 THE FOLLOWING WEATHER WAS RECORDED YESTERDAY.
  FOG


RELATIVE HUMIDITY (PERCENT)
 HIGHEST   100          1200 AM
 LOWEST     53           200 PM
 AVERAGE    77

..........................................................


THE BOWLING GREEN KY CLIMATE NORMALS FOR TODAY
                         NORMAL    RECORD    YEAR
 MAXIMUM TEMPERATURE (F)   73        91      1915
 MINIMUM TEMPERATURE (F)   49        25      1873


SUNRISE AND SUNSET
APRIL 26 2018.........SUNRISE   557 AM CDT   SUNSET   730 PM CDT
APRIL 27 2018.........SUNRISE   556 AM CDT   SUNSET   731 PM CDT


-  INDICATES NEGATIVE NUMBERS.
R  INDICATES RECORD WAS SET OR TIED.
MM INDICATES DATA IS MISSING.
T  INDICATES TRACE AMOUNT.




$$
