000
CDUS41 KLWX 200531
CLIBWI


CLIMATE REPORT
NATIONAL WEATHER SERVICE BALTIMORE MD/WASHINGTON DC
130 AM EDT MON AUG 20 2018


...................................

...THE BALTIMORE MD CLIMATE SUMMARY FOR AUGUST 19 2018...

CLIMATE NORMAL PERIOD 1981 TO 2010
CLIMATE RECORD PERIOD 1871 TO 2018


WEATHER ITEM   OBSERVED TIME   RECORD YEAR NORMAL DEPARTURE LAST
                VALUE   (LST)  VALUE       VALUE  FROM      YEAR
                                                  NORMAL
..................................................................
TEMPERATURE (F)
 YESTERDAY
  MAXIMUM         82    307 PM  97    1914  85     -3       88
  MINIMUM         71   1159 PM  52    1958  65      6       68
  AVERAGE         77                        75      2       78

PRECIPITATION (IN)
  YESTERDAY        0.00          2.23 1939   0.10  -0.10      T
  MONTH TO DATE    1.94                      2.07  -0.13     3.78
  SINCE JUN 1     23.44                      9.60  13.84    12.29
  SINCE JAN 1     43.36                     26.63  16.73    29.42

SNOWFALL (IN)
  YESTERDAY        0.0          MM      MM   0.0    0.0
  MONTH TO DATE    0.0                       0.0    0.0
  SINCE JUL 1      0.0                       0.0    0.0
  SNOW DEPTH       0

DEGREE DAYS
 HEATING
  YESTERDAY        0                         0      0        0
  MONTH TO DATE    0                         0      0        0
  SINCE JUN 1      8                        15     -7       11
  SINCE JUL 1      0                         0      0        0

 COOLING
  YESTERDAY       12                        10      2       13
  MONTH TO DATE  285                       206     79      190
  SINCE JUN 1    934                       816    118      902
  SINCE JAN 1   1123                       900    223     1010
..................................................................


WIND (MPH)
  HIGHEST WIND SPEED    15   HIGHEST WIND DIRECTION    NE (60)
  HIGHEST GUST SPEED    21   HIGHEST GUST DIRECTION    NE (30)
  AVERAGE WIND SPEED     7.6


SKY COVER
  POSSIBLE SUNSHINE  MM
  AVERAGE SKY COVER 0.8


WEATHER CONDITIONS
 THE FOLLOWING WEATHER WAS RECORDED YESTERDAY.
  NO SIGNIFICANT WEATHER WAS OBSERVED.


RELATIVE HUMIDITY (PERCENT)
 HIGHEST    90           400 AM
 LOWEST     62           300 PM
 AVERAGE    76

..........................................................


THE BALTIMORE MD CLIMATE NORMALS FOR TODAY
                         NORMAL    RECORD    YEAR
 MAXIMUM TEMPERATURE (F)   85       105      1983
 MINIMUM TEMPERATURE (F)   65        49      1998


SUNRISE AND SUNSET
AUGUST 20 2018........SUNRISE   624 AM EDT   SUNSET   755 PM EDT
AUGUST 21 2018........SUNRISE   625 AM EDT   SUNSET   754 PM EDT


-  INDICATES NEGATIVE NUMBERS.
R  INDICATES RECORD WAS SET OR TIED.
MM INDICATES DATA IS MISSING.
T  INDICATES TRACE AMOUNT.




$$
