000
CDUS45 KTFX 191012
CLIBZN


CLIMATE REPORT
NATIONAL WEATHER SERVICE GREAT FALLS MT
410 AM MDT THU APR 19 2018


...................................

...THE BOZEMAN/GALLATIN FIELD MT CLIMATE SUMMARY FOR APRIL 18 2018...

CLIMATE NORMAL PERIOD 1981 TO 2010
CLIMATE RECORD PERIOD 1935 TO 2018


WEATHER ITEM   OBSERVED TIME   RECORD YEAR NORMAL DEPARTURE LAST
                VALUE   (LST)  VALUE       VALUE  FROM      YEAR
                                                  NORMAL
..................................................................
TEMPERATURE (F)
 YESTERDAY
  MAXIMUM         53    600 PM  79    1936  60     -7       61
  MINIMUM         24    605 AM   7    1941  31     -7       34
  AVERAGE         39                        46     -7       48

PRECIPITATION (IN)
  YESTERDAY        0.00          0.70 2005   0.05  -0.05     0.14
  MONTH TO DATE    1.85                      0.90   0.95     1.14
  SINCE OCT 1      7.54                      5.13   2.41     6.32
  SINCE JAN 1      4.56                      2.75   1.81     2.99

SNOWFALL (IN)
  YESTERDAY        0.0           1.0  1979   0.3   -0.3      0.0
  MONTH TO DATE    8.7                       5.2    3.5      2.5
  SINCE MAR 1     15.3                      12.9    2.4      4.3
  SINCE JUL 1     67.6                      35.2   32.4     43.5
  SNOW DEPTH       0

DEGREE DAYS
 HEATING
  YESTERDAY       26                        19      7       17
  MONTH TO DATE  518                       387    131      405
  SINCE MAR 1   1562                      1271    291     1119
  SINCE JUL 1   7882                      6851   1031     7312

 COOLING
  YESTERDAY        0                         0      0        0
  MONTH TO DATE    0                         0      0        0
  SINCE MAR 1      0                         0      0        0
  SINCE JAN 1      0                         0      0        0
..................................................................


WIND (MPH)
  HIGHEST WIND SPEED    12   HIGHEST WIND DIRECTION    SE (120)
  HIGHEST GUST SPEED    17   HIGHEST GUST DIRECTION    SE (130)
  AVERAGE WIND SPEED     5.4


SKY COVER
  AVERAGE SKY COVER 0.1


WEATHER CONDITIONS
 THE FOLLOWING WEATHER WAS RECORDED YESTERDAY.
  NO SIGNIFICANT WEATHER WAS OBSERVED.


RELATIVE HUMIDITY (PERCENT)
 HIGHEST    88
 LOWEST     26
 AVERAGE    57

..........................................................


THE BOZEMAN/GALLATIN FIELD MT CLIMATE NORMALS FOR TODAY
                         NORMAL    RECORD    YEAR
 MAXIMUM TEMPERATURE (F)   60        86      1962
 MINIMUM TEMPERATURE (F)   32         2      1941


SUNRISE AND SUNSET
APRIL 19 2018.........SUNRISE   632 AM MDT   SUNSET   817 PM MDT
APRIL 20 2018.........SUNRISE   630 AM MDT   SUNSET   818 PM MDT


-  INDICATES NEGATIVE NUMBERS.
R  INDICATES RECORD WAS SET OR TIED.
MM INDICATES DATA IS MISSING.
T  INDICATES TRACE AMOUNT.




$$
