000
CDAK48 PAFC 241243
CLICDB


CLIMATE REPORT
NATIONAL WEATHER SERVICE ANCHORAGE, AK
442 AM AKDT THU MAY 24 2018


...................................

...THE COLD BAY CLIMATE SUMMARY FOR MAY 23 2018...

CLIMATE NORMAL PERIOD 1981 TO 2010
CLIMATE RECORD PERIOD 1942 TO 2018


WEATHER ITEM   OBSERVED TIME   RECORD YEAR NORMAL DEPARTURE LAST
                VALUE   (LST)  VALUE       VALUE  FROM      YEAR
                                                  NORMAL
..................................................................
TEMPERATURE (F)
 YESTERDAY
  MAXIMUM         48        MM  59    1992  47      1       49
  MINIMUM         41        MM  27    1966  36      5       42
  AVERAGE         45                        42      3       46

PRECIPITATION (IN)
  YESTERDAY        0.37          1.79 2002   0.09   0.28     0.10
  MONTH TO DATE    2.75                      1.85   0.90     1.44
  SINCE MAR 1      9.08                      6.97   2.11     2.49
  SINCE JAN 1     14.93                     13.11   1.82     9.47

SNOWFALL (IN)
  YESTERDAY        0.0           0.3  2000   0.0    0.0     MM
  MONTH TO DATE    T                         1.2   -1.2      0.0
  SINCE MAR 1      6.2                      20.8  -14.6      2.9
  SINCE JUL 1     41.4                      73.0  -31.6     39.5
  SNOW DEPTH       0

DEGREE DAYS
 HEATING
  YESTERDAY       20                        23     -3       19
  MONTH TO DATE  561                       585    -24      533
  SINCE MAR 1   2279                      2597   -318     2588
  SINCE JUL 1   7822                      8815   -993     8148

 COOLING
  YESTERDAY        0                         0      0        0
  MONTH TO DATE    0                         0      0        0
  SINCE MAR 1      0                         0      0        0
  SINCE JAN 1      0                         0      0        0
..................................................................


WIND (MPH)
  RESULTANT WIND SPEED   5   RESULTANT WIND DIRECTION   S (190)
  HIGHEST WIND SPEED    24   HIGHEST WIND DIRECTION    SE (140)
  HIGHEST GUST SPEED    35   HIGHEST GUST DIRECTION    SE (140)
  AVERAGE WIND SPEED    13.7



WEATHER CONDITIONS
 THE FOLLOWING WEATHER WAS RECORDED YESTERDAY.
  RAIN
  LIGHT RAIN
  FOG


RELATIVE HUMIDITY (PERCENT)
 HIGHEST   100
 LOWEST     71
 AVERAGE    86

..........................................................


THE COLD BAY CLIMATE NORMALS FOR TODAY
                         NORMAL    RECORD    YEAR
 MAXIMUM TEMPERATURE (F)   47        59      2006
 MINIMUM TEMPERATURE (F)   37        28      1985


SUNRISE AND SUNSET
MAY 24 2018...........SUNRISE   627 AM AKDT  SUNSET  1109 PM AKDT
MAY 25 2018...........SUNRISE   626 AM AKDT  SUNSET  1111 PM AKDT


-  INDICATES NEGATIVE NUMBERS.
R  INDICATES RECORD WAS SET OR TIED.
MM INDICATES DATA IS MISSING.
T  INDICATES TRACE AMOUNT.




$$
