000
CDUS42 KCHS 250634
CLICHS


CLIMATE REPORT
NATIONAL WEATHER SERVICE CHARLESTON SC
234 AM EDT FRI MAY 25 2018


...................................

...THE NORTH CHARLESTON SC CLIMATE SUMMARY FOR MAY 24 2018...

CLIMATE NORMAL PERIOD 1981 TO 2010
CLIMATE RECORD PERIOD 1938 TO 2018


WEATHER ITEM   OBSERVED TIME   RECORD YEAR NORMAL DEPARTURE LAST
                VALUE   (LST)  VALUE       VALUE  FROM      YEAR
                                                  NORMAL
..................................................................
TEMPERATURE (F)
 YESTERDAY
  MAXIMUM         85   1010 AM  97    1953  85      0       82
  MINIMUM         71    414 AM  50    1954  64      7       69
  AVERAGE         78                        75      3       76

PRECIPITATION (IN)
  YESTERDAY        0.51          1.78 1979   0.11   0.40     0.31
  MONTH TO DATE    6.54                      2.22   4.32     3.74
  SINCE MAR 1     12.88                      8.84   4.04    10.98
  SINCE JAN 1     17.05                     15.51   1.54    15.16

DEGREE DAYS
 HEATING
  YESTERDAY        0                         0      0        0
  MONTH TO DATE    0                         8     -8        3
  SINCE MAR 1    378                       335     43      260
  SINCE JUL 1   1826                      1971   -145     1228

 COOLING
  YESTERDAY       13                        10      3       11
  MONTH TO DATE  249                       171     78      210
  SINCE MAR 1    342                       282     60      451
  SINCE JAN 1    404                       289    115      486
..................................................................


WIND (MPH)
  HIGHEST WIND SPEED    20   HIGHEST WIND DIRECTION     S (200)
  HIGHEST GUST SPEED    22   HIGHEST GUST DIRECTION     S (200)
  AVERAGE WIND SPEED     4.2


SKY COVER
  POSSIBLE SUNSHINE  MM
  AVERAGE SKY COVER 0.7


WEATHER CONDITIONS
 THE FOLLOWING WEATHER WAS RECORDED YESTERDAY.
  THUNDERSTORM
  HEAVY RAIN
  RAIN
  LIGHT RAIN
  FOG


RELATIVE HUMIDITY (PERCENT)
 HIGHEST   100           900 PM
 LOWEST     65          1000 AM
 AVERAGE    83

..........................................................


THE NORTH CHARLESTON SC CLIMATE NORMALS FOR TODAY
                         NORMAL    RECORD    YEAR
 MAXIMUM TEMPERATURE (F)   85        97      2000
                                             1953
 MINIMUM TEMPERATURE (F)   65        47      1967
                                             1951


SUNRISE AND SUNSET
MAY 25 2018...........SUNRISE   615 AM EDT   SUNSET   819 PM EDT
MAY 26 2018...........SUNRISE   615 AM EDT   SUNSET   820 PM EDT


-  INDICATES NEGATIVE NUMBERS.
R  INDICATES RECORD WAS SET OR TIED.
MM INDICATES DATA IS MISSING.
T  INDICATES TRACE AMOUNT.




$$
