148
CDUS41 KCLE 250545
CLICLE


CLIMATE REPORT
NATIONAL WEATHER SERVICE CLEVELAND OH
145 AM EDT WED APR 25 2018


...................................

...THE CLEVELAND OH CLIMATE SUMMARY FOR APRIL 24 2018...

CLIMATE NORMAL PERIOD 1981 TO 2010
CLIMATE RECORD PERIOD 1871 TO 2018


WEATHER ITEM   OBSERVED TIME   RECORD YEAR NORMAL DEPARTURE LAST
                VALUE   (LST)  VALUE       VALUE  FROM      YEAR
                                                  NORMAL
..................................................................
TEMPERATURE (F)
 YESTERDAY
  MAXIMUM         59    726 AM  88    1925  63     -4       75
  MINIMUM         53   1159 PM  27    2015  43     10       42
  AVERAGE         56                        53      3       59

PRECIPITATION (IN)
  YESTERDAY        0.27                      0.11   0.16      T
  MONTH TO DATE    4.13                      2.86   1.27     4.03
  SINCE MAR 1      8.14                      5.79   2.35     8.05
  SINCE JAN 1     13.66                     10.85   2.81    15.51

SNOWFALL (IN)
  YESTERDAY        0.0                       0.1   -0.1      0.0
  MONTH TO DATE    3.3                       3.2    0.1      2.8
  SINCE MAR 1     16.0                      15.8    0.2     12.1
  SINCE JUL 1     53.1                      68.0  -14.9     37.3
  SNOW DEPTH       0

DEGREE DAYS
 HEATING
  YESTERDAY        9                        13     -4        6
  MONTH TO DATE  521                       400    121      232
  SINCE MAR 1   1465                      1226    239     1023
  SINCE JUL 1   5452                      5443      9     4334

 COOLING
  YESTERDAY        0                         1     -1        0
  MONTH TO DATE    0                         4     -4       21
  SINCE MAR 1      0                         5     -5       21
  SINCE JAN 1      3                         5     -2       21
..................................................................


WIND (MPH)
  HIGHEST WIND SPEED    23   HIGHEST WIND DIRECTION    SE (120)
  HIGHEST GUST SPEED    31   HIGHEST GUST DIRECTION    SE (120)
  AVERAGE WIND SPEED    10.1


SKY COVER
  POSSIBLE SUNSHINE  MM
  AVERAGE SKY COVER 1.0


WEATHER CONDITIONS
 THE FOLLOWING WEATHER WAS RECORDED YESTERDAY.
  LIGHT RAIN
  FOG


RELATIVE HUMIDITY (PERCENT)
 HIGHEST    93           700 PM
 LOWEST     57           200 AM
 AVERAGE    75

..........................................................


THE CLEVELAND OH CLIMATE NORMALS FOR TODAY
                         NORMAL    RECORD    YEAR
 MAXIMUM TEMPERATURE (F)   63        87      1990
 MINIMUM TEMPERATURE (F)   44        27      1888


SUNRISE AND SUNSET
APRIL 25 2018.........SUNRISE   633 AM EDT   SUNSET   819 PM EDT
APRIL 26 2018.........SUNRISE   631 AM EDT   SUNSET   820 PM EDT


-  INDICATES NEGATIVE NUMBERS.
R  INDICATES RECORD WAS SET OR TIED.
MM INDICATES DATA IS MISSING.
T  INDICATES TRACE AMOUNT.




$$
