000
CDUS46 KLOX 210915
CLICMA


CLIMATE REPORT
NATIONAL WEATHER SERVICE LOS ANGELES/OXNARD CA
215 AM PDT MON MAY 21 2018


...................................

...THE CAMARILLO AIRPORT CA CLIMATE SUMMARY FOR MAY 20 2018...

CLIMATE NORMAL PERIOD 1981 TO 2010
CLIMATE RECORD PERIOD 1923 TO 2018


WEATHER ITEM   OBSERVED TIME   RECORD YEAR NORMAL DEPARTURE LAST
                VALUE   (LST)  VALUE       VALUE  FROM      YEAR
                                                  NORMAL
..................................................................
TEMPERATURE (F)
 YESTERDAY
  MAXIMUM         67    212 PM  91    1942  71     -4       87
  MINIMUM         56    112 AM  38    1933  53      3       54
  AVERAGE         62                        62      0       71

PRECIPITATION (IN)
  YESTERDAY        0.00          0.15 1972   0.00   0.00     0.00
  MONTH TO DATE    T                         0.29  -0.29     0.08
  SINCE OCT 1      5.94                     14.91  -8.97    19.44
  SINCE JAN 1      5.87                     10.91  -5.04    14.78

SNOWFALL (IN)
  YESTERDAY        0.0
  MONTH TO DATE    0.0
  SINCE MAR 1      0.0
  SINCE JUL 1      0.0

DEGREE DAYS
 HEATING
  YESTERDAY        3                         4     -1        0
  MONTH TO DATE  108                        90     18       66
  SINCE MAR 1    472                       574   -102      325
  SINCE JUL 1   1147                      1910   -763     1313

 COOLING
  YESTERDAY        0                         0      0        6
  MONTH TO DATE    0                         0      0       15
  SINCE MAR 1     10                        11     -1       35
  SINCE JAN 1     52                        20     32       36
..................................................................


WIND (MPH)
  HIGHEST WIND SPEED    15   HIGHEST WIND DIRECTION     W (260)
  HIGHEST GUST SPEED    22   HIGHEST GUST DIRECTION     W (260)
  AVERAGE WIND SPEED     4.8


SKY COVER
  POSSIBLE SUNSHINE  MM
  AVERAGE SKY COVER 1.0


WEATHER CONDITIONS
 THE FOLLOWING WEATHER WAS RECORDED YESTERDAY.
  NO SIGNIFICANT WEATHER WAS OBSERVED.


RELATIVE HUMIDITY (PERCENT)
 HIGHEST    86          1200 AM
 LOWEST     60           300 PM
 AVERAGE    73

..........................................................


THE CAMARILLO AIRPORT CA CLIMATE NORMALS FOR TODAY
                         NORMAL    RECORD    YEAR
 MAXIMUM TEMPERATURE (F)   71        85      2005
 MINIMUM TEMPERATURE (F)   53        37      1933


SUNRISE AND SUNSET
MAY 21 2018...........SUNRISE   550 AM PDT   SUNSET   756 PM PDT
MAY 22 2018...........SUNRISE   550 AM PDT   SUNSET   757 PM PDT


-  INDICATES NEGATIVE NUMBERS.
R  INDICATES RECORD WAS SET OR TIED.
MM INDICATES DATA IS MISSING.
T  INDICATES TRACE AMOUNT.




$$
