000
CDUS45 KPUB 240128
CLICOS


CLIMATE REPORT
NATIONAL WEATHER SERVICE PUEBLO
727 PM MDT WED MAY 23 2018


...................................

...THE COLORADO SPRINGS CO CLIMATE SUMMARY FOR MAY 23 2018...
VALID TODAY AS OF 0500 PM LOCAL TIME.

CLIMATE NORMAL PERIOD 1981 TO 2010
CLIMATE RECORD PERIOD 1872 TO 2018


WEATHER ITEM   OBSERVED TIME   RECORD YEAR NORMAL DEPARTURE LAST
                VALUE   (LST)  VALUE       VALUE  FROM      YEAR
                                                  NORMAL
..................................................................
TEMPERATURE (F)
 TODAY
  MAXIMUM         84    344 PM  91    1989  71     13       63
  MINIMUM         52    430 AM  30    1930  45      7       40
  AVERAGE         68                        58     10       52

PRECIPITATION (IN)
  TODAY            0.00          1.13 1959   0.07  -0.07     0.00
  MONTH TO DATE    0.35                      1.40  -1.05     2.54
  SINCE MAR 1      2.03                      3.82  -1.79     5.12
  SINCE JAN 1      2.59                      4.48  -1.89     5.51

SNOWFALL (IN)
  TODAY            0.0           T    2015   0.0    0.0      0.0
                                      1975
  MONTH TO DATE    T                         0.7   -0.7      0.1
  SINCE MAR 1      8.4                      13.7   -5.3     11.8
  SINCE JUL 1     21.6                      37.7  -16.1     25.2
  SNOW DEPTH       0

DEGREE DAYS
 HEATING
  TODAY            0                         7     -7       13
  MONTH TO DATE  108                       240   -132      235
  SINCE MAR 1   1334                      1599   -265     1276
  SINCE JUL 1   5318                      6162   -844     5029

 COOLING
  TODAY            3                         0      3        0
  MONTH TO DATE    9                         0      9        0
  SINCE MAR 1      9                         1      8        0
  SINCE JAN 1      9                         1      8        0
..................................................................


WIND (MPH)
  HIGHEST WIND SPEED    28   HIGHEST WIND DIRECTION     S (190)
  HIGHEST GUST SPEED    40   HIGHEST GUST DIRECTION    SE (140)
  AVERAGE WIND SPEED    10.4


SKY COVER
  POSSIBLE SUNSHINE  MM
  AVERAGE SKY COVER 0.4


WEATHER CONDITIONS
 THE FOLLOWING WEATHER WAS RECORDED TODAY.
  NO SIGNIFICANT WEATHER WAS OBSERVED.


RELATIVE HUMIDITY (PERCENT)
 HIGHEST    71           100 AM
 LOWEST     11           400 PM
 AVERAGE    41

..........................................................


THE COLORADO SPRINGS CO CLIMATE NORMALS FOR TOMORROW
                         NORMAL    RECORD    YEAR
 MAXIMUM TEMPERATURE (F)   71        93      1984
 MINIMUM TEMPERATURE (F)   45        31      1943


SUNRISE AND SUNSET
MAY 23 2018...........SUNRISE   540 AM MDT   SUNSET   811 PM MDT
MAY 24 2018...........SUNRISE   540 AM MDT   SUNSET   812 PM MDT


-  INDICATES NEGATIVE NUMBERS.
R  INDICATES RECORD WAS SET OR TIED.
MM INDICATES DATA IS MISSING.
T  INDICATES TRACE AMOUNT.




$$
