458
CDUS44 KCRP 230036
CLICRP

CLIMATE REPORT
NATIONAL WEATHER SERVICE CORPUS CHRISTI TX
734 PM CDT SUN APR 22 2018

...................................

...THE CORPUS CHRISTI CLIMATE SUMMARY FOR APRIL 22 2018...
VALID TODAY AS OF 700 PM LOCAL TIME.

CLIMATE NORMAL PERIOD 1981 TO 2010
CLIMATE RECORD PERIOD 1887 TO 2018


WEATHER ITEM   OBSERVED TIME   RECORD YEAR NORMAL DEPARTURE LAST
                VALUE   (LST)  VALUE       VALUE  FROM      YEAR
                                                  NORMAL
..................................................................
TEMPERATURE (F)
 TODAY
  MAXIMUM         84    450 PM  96    2009  83      1       88
  MINIMUM         62    723 AM  49    1998  65     -3       64
  AVERAGE         73                        74     -1       76

PRECIPITATION (IN)
  TODAY            T             1.93 1952   0.06  -0.06     0.00
  MONTH TO DATE    0.12                      1.28  -1.16     1.91
  SINCE MAR 1      2.13                      3.17  -1.04     6.90
  SINCE JAN 1      3.86                      6.64  -2.78     9.74

SNOWFALL (IN)
  TODAY            0.0
  MONTH TO DATE    0.0
  SINCE MAR 1      0.0
  SINCE JUL 1      1.0
  SNOW DEPTH       0

DEGREE DAYS
 HEATING
  TODAY            0                         0      0        0
  MONTH TO DATE   17                        15      2        0
  SINCE MAR 1     42                        96    -54       16
  SINCE JUL 1    871                       896    -25      368

 COOLING
  TODAY            8                         9     -1       11
  MONTH TO DATE  143                       160    -17      215
  SINCE MAR 1    348                       275     73      418
  SINCE JAN 1    470                       351    119      687
..................................................................


WIND (MPH)
  HIGHEST WIND SPEED    20   HIGHEST WIND DIRECTION     N (10)
  HIGHEST GUST SPEED    25   HIGHEST GUST DIRECTION     N (10)


SKY COVER
  POSSIBLE SUNSHINE  MM
  AVERAGE SKY COVER 0.4


WEATHER CONDITIONS
 THE FOLLOWING WEATHER WAS RECORDED TODAY.
  LIGHT RAIN
  FOG


RELATIVE HUMIDITY (PERCENT)
 HIGHEST   100          1200 AM
 LOWEST     32           300 PM
 AVERAGE    66

..........................................................


THE CORPUS CHRISTI CLIMATE NORMALS FOR TOMORROW
                         NORMAL    RECORD    YEAR
 MAXIMUM TEMPERATURE (F)   83       102      1955
 MINIMUM TEMPERATURE (F)   65        48      1998


SUNRISE AND SUNSET
APRIL 22 2018.........SUNRISE   658 AM CDT   SUNSET   759 PM CDT
APRIL 23 2018.........SUNRISE   657 AM CDT   SUNSET   800 PM CDT


-  INDICATES NEGATIVE NUMBERS.
R  INDICATES RECORD WAS SET OR TIED.
MM INDICATES DATA IS MISSING.
T  INDICATES TRACE AMOUNT.




$$
