000
CDUS45 KTFX 280923
CLICTB


CLIMATE REPORT
NATIONAL WEATHER SERVICE GREAT FALLS MT
321 AM MDT MON MAY 28 2018


...................................

...THE CUT BANK MT CLIMATE SUMMARY FOR MAY 27 2018...

CLIMATE NORMAL PERIOD 1981 TO 2010
CLIMATE RECORD PERIOD 1903 TO 2018


WEATHER ITEM   OBSERVED TIME   RECORD YEAR NORMAL DEPARTURE LAST
                VALUE   (LST)  VALUE       VALUE  FROM      YEAR
                                                  NORMAL
..................................................................
TEMPERATURE (F)
 YESTERDAY
  MAXIMUM         78    414 PM  91    1936  66     12       76
  MINIMUM         47    517 AM  27    1911  41      6       41
  AVERAGE         63                        53     10       59

PRECIPITATION (IN)
  YESTERDAY        0.00          1.04 2010   0.09  -0.09     0.00
  MONTH TO DATE    1.38                      1.59  -0.21     0.96
  SINCE OCT 1      7.27                      4.30   2.97     6.45
  SINCE JAN 1      5.16                      3.28   1.88     5.02

SNOWFALL (IN)
  YESTERDAY       MM
  SNOW DEPTH       0

DEGREE DAYS
 HEATING
  YESTERDAY        2                        12    -10        6
  MONTH TO DATE  266                       424   -158      362
  SINCE MAR 1   2412                      2184    228     2070
  SINCE JUL 1   8930                      8244    686     8421

 COOLING
  YESTERDAY        0                         0      0        0
  MONTH TO DATE    0                         0      0        0
  SINCE MAR 1      0                         0      0        0
  SINCE JAN 1      0                         0      0        0
..................................................................


WIND (MPH)
  HIGHEST WIND SPEED    17   HIGHEST WIND DIRECTION    NW (330)
  HIGHEST GUST SPEED    22   HIGHEST GUST DIRECTION     N (340)
  AVERAGE WIND SPEED     6.9


SKY COVER
  AVERAGE SKY COVER 0.0


WEATHER CONDITIONS
 THE FOLLOWING WEATHER WAS RECORDED YESTERDAY.
  NO SIGNIFICANT WEATHER WAS OBSERVED.


RELATIVE HUMIDITY (PERCENT)
 HIGHEST    86           200 AM
 LOWEST     23           300 PM
 AVERAGE    55

..........................................................


THE CUT BANK MT CLIMATE NORMALS FOR TODAY
                         NORMAL    RECORD    YEAR
 MAXIMUM TEMPERATURE (F)   66        90      1934
 MINIMUM TEMPERATURE (F)   41        25      1947


SUNRISE AND SUNSET
MAY 28 2018...........SUNRISE   535 AM MDT   SUNSET   920 PM MDT
MAY 29 2018...........SUNRISE   534 AM MDT   SUNSET   921 PM MDT


-  INDICATES NEGATIVE NUMBERS.
R  INDICATES RECORD WAS SET OR TIED.
MM INDICATES DATA IS MISSING.
T  INDICATES TRACE AMOUNT.




$$
