000
CDUS46 KSGX 251138
CLICZZ


CLIMATE REPORT
NATIONAL WEATHER SERVICE SAN DIEGO, CA
437 AM PDT FRI MAY 25 2018


...................................

...THE CAMPO ASOS CA CLIMATE SUMMARY FOR MAY 24 2018...

CLIMATE NORMAL PERIOD 1981 TO 2010
CLIMATE RECORD PERIOD 1948 TO 2018


WEATHER ITEM   OBSERVED TIME   RECORD YEAR NORMAL DEPARTURE LAST
                VALUE   (LST)  VALUE       VALUE  FROM      YEAR
                                                  NORMAL
..................................................................
TEMPERATURE (F)
 YESTERDAY
  MAXIMUM         74    134 PM  92    1984  81     -7       85
  MINIMUM         50    847 PM  26    2010  43      7       45
  AVERAGE         62                        62      0       65

PRECIPITATION (IN)
  YESTERDAY        0.00          0.16 1977   0.00   0.00     0.00
  MONTH TO DATE    0.05                      0.16  -0.11     0.89
  SINCE OCT 1      4.31                     14.24  -9.93    16.58
  SINCE JAN 1      3.96                     10.02  -6.06    11.35

DEGREE DAYS
 HEATING
  YESTERDAY        3                         4     -1        0
  MONTH TO DATE  150                       131     19      140
  SINCE MAR 1    820                       848    -28      718
  SINCE JUL 1   2442                      2899   -457     2628

 COOLING
  YESTERDAY        0                         1     -1        0
  MONTH TO DATE   11                        19     -8       25
  SINCE MAR 1     11                        22    -11       27
  SINCE JAN 1     11                        22    -11       27
..................................................................


WIND (MPH)
  RESULTANT WIND SPEED   6   RESULTANT WIND DIRECTION  SW (210)
  HIGHEST WIND SPEED    21   HIGHEST WIND DIRECTION    SW (220)
  HIGHEST GUST SPEED    25   HIGHEST GUST DIRECTION    SW (220)
  AVERAGE WIND SPEED     7.4


SKY COVER
  POSSIBLE SUNSHINE  MM
  AVERAGE SKY COVER 0.0



RELATIVE HUMIDITY (PERCENT)
 HIGHEST   100           200 AM
 LOWEST     38           100 PM
 AVERAGE    69

..........................................................


THE CAMPO ASOS CA CLIMATE NORMALS FOR TODAY
                         NORMAL    RECORD    YEAR
 MAXIMUM TEMPERATURE (F)   82        99      1951
 MINIMUM TEMPERATURE (F)   43        30      1960


SUNRISE AND SUNSET
MAY 25 2018...........SUNRISE   542 AM PDT   SUNSET   744 PM PDT
MAY 26 2018...........SUNRISE   541 AM PDT   SUNSET   745 PM PDT


-  INDICATES NEGATIVE NUMBERS.
R  INDICATES RECORD WAS SET OR TIED.
MM INDICATES DATA IS MISSING.
T  INDICATES TRACE AMOUNT.




$$
