237
CDUS42 KMLB 230626
CLIDAB


CLIMATE REPORT
NATIONAL WEATHER SERVICE MELBOURNE FL
226 AM EDT MON APR 23 2018


...................................

...THE DAYTONA BEACH CLIMATE SUMMARY FOR APRIL 22 2018...

CLIMATE NORMAL PERIOD 1981 TO 2010
CLIMATE RECORD PERIOD 1923 TO 2018


WEATHER ITEM   OBSERVED TIME   RECORD YEAR NORMAL DEPARTURE LAST
                VALUE   (LST)  VALUE       VALUE  FROM      YEAR
                                                  NORMAL
..................................................................
TEMPERATURE (F)
 YESTERDAY
  MAXIMUM         77   1150 AM  93    1988  80     -3       83
  MINIMUM         68    502 PM  39    1940  60      8       63
  AVERAGE         73                        70      3       73

PRECIPITATION (IN)
  YESTERDAY        0.43          0.73 2012   0.07   0.36      T
  MONTH TO DATE    3.86                      1.73   2.13     1.22
  SINCE MAR 1      5.47                      5.97  -0.50     2.29
  SINCE JAN 1     12.27                     11.49   0.78     6.30

SNOWFALL (IN)
  YESTERDAY        0.0
  MONTH TO DATE    T
  SINCE JUL 1      T

DEGREE DAYS
 HEATING
  YESTERDAY        0                         1     -1        0
  MONTH TO DATE    9                        25    -16       13
  SINCE MAR 1    148                       122     26       95
  SINCE JUL 1    645                       804   -159      401

 COOLING
  YESTERDAY        8                         6      2        8
  MONTH TO DATE  109                        95     14      137
  SINCE MAR 1    179                       172      7      258
  SINCE JAN 1    341                       237    104      378
..................................................................


WIND (MPH)
  HIGHEST WIND SPEED    18   HIGHEST WIND DIRECTION     E (90)
  HIGHEST GUST SPEED    25   HIGHEST GUST DIRECTION     E (100)
  AVERAGE WIND SPEED     9.8


SKY COVER
  AVERAGE SKY COVER 0.8


WEATHER CONDITIONS
 THE FOLLOWING WEATHER WAS RECORDED YESTERDAY.
  HEAVY RAIN
  RAIN
  LIGHT RAIN
  FOG


RELATIVE HUMIDITY (PERCENT)
 HIGHEST    97           600 PM
 LOWEST     69           900 AM
 AVERAGE    83

..........................................................


THE DAYTONA BEACH CLIMATE NORMALS FOR TODAY
                         NORMAL    RECORD    YEAR
 MAXIMUM TEMPERATURE (F)   80        92      1988
                                             1963
 MINIMUM TEMPERATURE (F)   60        42      1993


SUNRISE AND SUNSET
APRIL 23 2018.........SUNRISE   650 AM EDT   SUNSET   755 PM EDT
APRIL 24 2018.........SUNRISE   649 AM EDT   SUNSET   756 PM EDT


-  INDICATES NEGATIVE NUMBERS.
R  INDICATES RECORD WAS SET OR TIED.
MM INDICATES DATA IS MISSING.
T  INDICATES TRACE AMOUNT.




$$
