000
CDUS41 KILN 210534
CLIDAY


CLIMATE REPORT
NATIONAL WEATHER SERVICE WILMINGTON OH
130 AM EDT MON MAY 21 2018


...................................

...THE DAYTON OH CLIMATE SUMMARY FOR MAY 20 2018...

CLIMATE NORMAL PERIOD 1981 TO 2010
CLIMATE RECORD PERIOD 1869 TO 2018


WEATHER ITEM   OBSERVED TIME   RECORD YEAR NORMAL DEPARTURE LAST
                VALUE   (LST)  VALUE       VALUE  FROM      YEAR
                                                  NORMAL
..................................................................
TEMPERATURE (F)
 YESTERDAY
  MAXIMUM         79    433 PM  91    1911  73      6       76
  MINIMUM         61    611 AM  37    1894  53      8       52
  AVERAGE         70                        63      7       64

PRECIPITATION (IN)
  YESTERDAY        0.00          1.75 1984   0.15  -0.15     0.61
  MONTH TO DATE    0.79                      2.99  -2.20     3.61
  SINCE MAR 1      9.13                     10.42  -1.29    14.02
  SINCE JAN 1     17.44                     15.37   2.07    18.96

SNOWFALL (IN)
  YESTERDAY        0.0           0.0         0.0    0.0      0.0
  MONTH TO DATE    0.0                       0.0    0.0      0.0
  SINCE MAR 1      9.2                       4.0    5.2      1.3
  SINCE JUL 1     26.7                      23.3    3.4      8.5
  SNOW DEPTH       0

DEGREE DAYS
 HEATING
  YESTERDAY        0                         5     -5        1
  MONTH TO DATE   15                       131   -116      148
  SINCE MAR 1   1459                      1307    152     1113
  SINCE JUL 1   5567                      5582    -15     4543

 COOLING
  YESTERDAY        5                         2      3        0
  MONTH TO DATE   85                        28     57       36
  SINCE MAR 1     92                        38     54       69
  SINCE JAN 1     95                        38     57       69
..................................................................


WIND (MPH)
  RESULTANT WIND SPEED   3   RESULTANT WIND DIRECTION   N (10)
  HIGHEST WIND SPEED    12   HIGHEST WIND DIRECTION    NE (40)
  HIGHEST GUST SPEED    14   HIGHEST GUST DIRECTION    NE (30)
  AVERAGE WIND SPEED     5.4



WEATHER CONDITIONS
 THE FOLLOWING WEATHER WAS RECORDED YESTERDAY.
  FOG


RELATIVE HUMIDITY (PERCENT)
 HIGHEST   100          1200 AM
 LOWEST     64           300 PM
 AVERAGE    82

..........................................................


THE DAYTON OH CLIMATE NORMALS FOR TODAY
                         NORMAL    RECORD    YEAR
 MAXIMUM TEMPERATURE (F)   73        92      1902
 MINIMUM TEMPERATURE (F)   53        32      1907


SUNRISE AND SUNSET
MAY 21 2018...........SUNRISE   617 AM EDT   SUNSET   850 PM EDT
MAY 22 2018...........SUNRISE   616 AM EDT   SUNSET   851 PM EDT


-  INDICATES NEGATIVE NUMBERS.
R  INDICATES RECORD WAS SET OR TIED.
MM INDICATES DATA IS MISSING.
T  INDICATES TRACE AMOUNT.




$$
