471
CDUS43 KDDC 232325
CLIDGC


CLIMATE REPORT
NATIONAL WEATHER SERVICE DODGE CITY KS
625 PM CDT WED MAY 23 2018


...................................

...THE DODGE CITY KS CLIMATE SUMMARY FOR MAY 23 2018...
VALID TODAY AS OF 0500 PM LOCAL TIME.

CLIMATE NORMAL PERIOD 1981 TO 2010
CLIMATE RECORD PERIOD 1875 TO 2018


WEATHER ITEM   OBSERVED TIME   RECORD YEAR NORMAL DEPARTURE LAST
                VALUE   (LST)  VALUE       VALUE  FROM      YEAR
                                                  NORMAL
..................................................................
TEMPERATURE (F)
 TODAY
  MAXIMUM         91    146 PM 100    2012  79     12       66
  MINIMUM         64    538 AM  33    1893  54     10       42
  AVERAGE         78                        66     12       54

PRECIPITATION (IN)
  TODAY            0.00          1.91 1936   0.09  -0.09      T
  MONTH TO DATE    1.03                      2.00  -0.97     4.52
  SINCE MAR 1      3.06                      5.41  -2.35    14.76
  SINCE JAN 1      3.21                      6.67  -3.46    17.33

SNOWFALL (IN)
  TODAY            0.0           0.0  2002   0.0    0.0      0.0
  MONTH TO DATE    0.0                       0.0    0.0      0.0
  SINCE MAR 1      2.2                       6.0   -3.8      2.5
  SINCE JUL 1      3.6                      21.1  -17.5      7.5
  SNOW DEPTH       0

DEGREE DAYS
 HEATING
  TODAY            0                         2     -2       11
  MONTH TO DATE   13                       101    -88      134
  SINCE MAR 1   1020                      1093    -73      928
  SINCE JUL 1   4676                      4940   -264     4162

 COOLING
  TODAY           13                         4      9        0
  MONTH TO DATE  144                        53     91       41
  SINCE MAR 1    165                        72     93       82
  SINCE JAN 1    165                        72     93       82
..................................................................


WIND (MPH)
  HIGHEST WIND SPEED    25   HIGHEST WIND DIRECTION     S (170)
  HIGHEST GUST SPEED    33   HIGHEST GUST DIRECTION     S (160)
  AVERAGE WIND SPEED    14.0


SKY COVER
  POSSIBLE SUNSHINE  MM
  AVERAGE SKY COVER 0.2


WEATHER CONDITIONS
 THE FOLLOWING WEATHER WAS RECORDED TODAY.
  NO SIGNIFICANT WEATHER WAS OBSERVED.


RELATIVE HUMIDITY (PERCENT)
 HIGHEST    84           500 AM
 LOWEST     34           500 PM
 AVERAGE    59

..........................................................


THE DODGE CITY KS CLIMATE NORMALS FOR TOMORROW
                         NORMAL    RECORD    YEAR
 MAXIMUM TEMPERATURE (F)   79       102      1967
 MINIMUM TEMPERATURE (F)   54        39      2001


SUNRISE AND SUNSET
MAY 23 2018...........SUNRISE   624 AM CDT   SUNSET   850 PM CDT
MAY 24 2018...........SUNRISE   624 AM CDT   SUNSET   850 PM CDT


-  INDICATES NEGATIVE NUMBERS.
R  INDICATES RECORD WAS SET OR TIED.
MM INDICATES DATA IS MISSING.
T  INDICATES TRACE AMOUNT.




$$
