731
CDUS44 KTAE 250633
CLIDHN


CLIMATE REPORT
NATIONAL WEATHER SERVICE TALLAHASSEE FL
230 AM EDT WED APR 25 2018


...................................

...THE DOTHAN CLIMATE SUMMARY FOR APRIL 24 2018...

CLIMATE NORMAL PERIOD 1981 TO 2010
CLIMATE RECORD PERIOD 1965 TO 2018


WEATHER ITEM   OBSERVED TIME   NORMAL DEPARTURE LAST
                VALUE   (LST)  VALUE  FROM      YEAR
                                      NORMAL
......................................................
TEMPERATURE (F)
 YESTERDAY
  MAXIMUM         74    136 PM  81     -7       70
  MINIMUM         55    647 AM  56     -1       54
  AVERAGE         65            68     -3       62

PRECIPITATION (IN)
  YESTERDAY        0.00          0.08  -0.08     0.00
  MONTH TO DATE    3.82          3.05   0.77     1.55
  SINCE MAR 1      7.40          8.93  -1.53     3.08
  SINCE JAN 1     17.83         18.33  -0.50    22.67

SNOWFALL (IN)
  YESTERDAY        0.0

DEGREE DAYS
 HEATING
  YESTERDAY        0             1     -1        3
  MONTH TO DATE   61            64     -3       22
  SINCE MAR 1    278           275      3      193
  SINCE JUL 1   1559          1834   -275     1052

 COOLING
  YESTERDAY        0             4     -4        0
  MONTH TO DATE   52            60     -8      128
  SINCE MAR 1     87            81      6      204
  SINCE JAN 1    165            91     74      242
......................................................


WIND (MPH)
  HIGHEST WIND SPEED    21   HIGHEST WIND DIRECTION    NW (310)
  HIGHEST GUST SPEED    24   HIGHEST GUST DIRECTION    NW (320)
  AVERAGE WIND SPEED     9.9








-  INDICATES NEGATIVE NUMBERS.
R  INDICATES RECORD WAS SET OR TIED.
MM INDICATES DATA IS MISSING.
T  INDICATES TRACE AMOUNT.




$$
