000
CDUS44 KTAE 200633
CLIDHN


CLIMATE REPORT
NATIONAL WEATHER SERVICE TALLAHASSEE FL
231 AM EDT SAT OCT 20 2018

...................................

...THE DOTHAN CLIMATE SUMMARY FOR OCTOBER 19 2018...

CLIMATE NORMAL PERIOD 1981 TO 2010
CLIMATE RECORD PERIOD 1965 TO 2018


WEATHER ITEM   OBSERVED TIME   NORMAL DEPARTURE LAST
                VALUE   (LST)  VALUE  FROM      YEAR
                                      NORMAL
......................................................
TEMPERATURE (F)
 YESTERDAY
  MAXIMUM         85    436 PM  79      6       82
  MINIMUM         67    623 AM  54     13       53
  AVERAGE         76            66     10       68

PRECIPITATION (IN)
  YESTERDAY        0.00          0.12  -0.12     0.00
  MONTH TO DATE    4.29          2.06   2.23     1.10
  SINCE SEP 1     12.28          5.65   6.63     3.95
  SINCE JAN 1     55.50         44.04  11.46    45.20

SNOWFALL (IN)
  YESTERDAY        0.0

DEGREE DAYS
 HEATING
  YESTERDAY        0             2     -2        0
  MONTH TO DATE    0            17    -17        3
  SINCE SEP 1      0            19    -19        7
  SINCE JUL 1      0            19    -19        7

 COOLING
  YESTERDAY       11             4      7        3
  MONTH TO DATE  213           101    112      211
  SINCE SEP 1    714           449    265      580
  SINCE JAN 1   2881          2329    552     2638
......................................................


WIND (MPH)
  HIGHEST WIND SPEED    12   HIGHEST WIND DIRECTION    SE (130)
  HIGHEST GUST SPEED    14   HIGHEST GUST DIRECTION    SE (120)
  AVERAGE WIND SPEED     4.6





-  INDICATES NEGATIVE NUMBERS.
R  INDICATES RECORD WAS SET OR TIED.
MM INDICATES DATA IS MISSING.
T  INDICATES TRACE AMOUNT.


$$
