000
CDUS45 KTWC 191429
CLIDUG

CLIMATE REPORT
NATIONAL WEATHER SERVICE TUCSON AZ
729 AM MST THU APR 19 2018


...................................

...THE DOUGLAS AZ CLIMATE SUMMARY FOR APRIL 19 2018...
VALID AS OF 0700 AM LOCAL TIME.

CLIMATE NORMAL PERIOD 1981 TO 2010
CLIMATE RECORD PERIOD 1948 TO 2018


WEATHER ITEM   OBSERVED TIME   RECORD YEAR NORMAL DEPARTURE LAST
                VALUE   (LST)  VALUE       VALUE  FROM      YEAR
                                                  NORMAL
..................................................................
TEMPERATURE (F)
 TODAY
  MINIMUM         43    343 AM  28    1963  44     -1       49

PRECIPITATION (IN)
  TODAY            0.00          0.99 1951   0.01  -0.01     0.00
  MONTH TO DATE    0.00                      0.14  -0.14      T
  SINCE OCT 1      1.87                      4.58  -2.71     3.05
  SINCE JAN 1      1.04                      2.03  -0.99     1.70

DEGREE DAYS
 HEATING
  TODAY           17                         4     13        0

 COOLING
  TODAY            0                         1     -1        4
..................................................................


WIND (MPH)
  HIGHEST WIND SPEED     9   HIGHEST WIND DIRECTION     E (80)
  HIGHEST GUST SPEED     9   HIGHEST GUST DIRECTION     E (80)
  AVERAGE WIND SPEED     1.2


SKY COVER
  POSSIBLE SUNSHINE  MM
  AVERAGE SKY COVER 0.0


WEATHER CONDITIONS
 THE FOLLOWING WEATHER WAS RECORDED TODAY.
  NO SIGNIFICANT WEATHER WAS OBSERVED.


RELATIVE HUMIDITY (PERCENT)
 HIGHEST    19           400 AM

..........................................................


THE DOUGLAS AZ CLIMATE NORMALS FOR TOMORROW
                         NORMAL    RECORD    YEAR
 MAXIMUM TEMPERATURE (F)   81        99      1989
 MINIMUM TEMPERATURE (F)   44        27      1995


SUNRISE AND SUNSET
APRIL 19 2018.........SUNRISE   546 AM MST   SUNSET   650 PM MST
APRIL 20 2018.........SUNRISE   544 AM MST   SUNSET   651 PM MST


-  INDICATES NEGATIVE NUMBERS.
R  INDICATES RECORD WAS SET OR TIED.
MM INDICATES DATA IS MISSING.
T  INDICATES TRACE AMOUNT.




$$
