000
CDUS42 KAKQ 210730
CLIECG


CLIMATE REPORT
NATIONAL WEATHER SERVICE WAKEFIELD, VA
329 AM EDT MON MAY 21 2018


...................................

...THE ELIZABETH CITY NC CLIMATE SUMMARY FOR MAY 20 2018...

CLIMATE NORMAL PERIOD 1981 TO 2010
CLIMATE RECORD PERIOD 1934 TO 2018


WEATHER ITEM   OBSERVED TIME   RECORD YEAR NORMAL DEPARTURE LAST
                VALUE   (LST)  VALUE       VALUE  FROM      YEAR
                                                  NORMAL
..................................................................
TEMPERATURE (F)
 YESTERDAY
  MAXIMUM         85    244 PM  98    1996  78      7       87
  MINIMUM         73    744 AM  44    2002  58     15       61
  AVERAGE         79                        68     11       74

PRECIPITATION (IN)
  YESTERDAY        0.01          1.72 1988   0.11  -0.10      T
  MONTH TO DATE    3.02                      2.18   0.84     2.66
  SINCE MAR 1     11.55                      9.30   2.25     8.97
  SINCE JAN 1     18.19                     15.74   2.45    13.58

SNOWFALL (IN)
  YESTERDAY        0.0           0.0  2002  MM     MM
  MONTH TO DATE    0.0                      MM     MM
  SINCE NOV 1      6.8                      MM     MM
  SINCE JUL 1      6.8                      MM     MM
  SNOW DEPTH       0

DEGREE DAYS
 HEATING
  YESTERDAY        0                         1     -1        0
  MONTH TO DATE    8                        58    -50       34
  SINCE MAR 1    812                       747     65      592
  SINCE JUL 1   3103                      3219   -116     2687

 COOLING
  YESTERDAY       14                         4     10        9
  MONTH TO DATE  161                        60    101       77
  SINCE MAR 1    183                       100     83      208
  SINCE JAN 1    212                       102    110      211
..................................................................


WIND (MPH)
  HIGHEST WIND SPEED    23   HIGHEST WIND DIRECTION     S (200)
  HIGHEST GUST SPEED    32   HIGHEST GUST DIRECTION    SW (210)
  AVERAGE WIND SPEED    12.5


SKY COVER
  POSSIBLE SUNSHINE  MM
  AVERAGE SKY COVER 0.4


WEATHER CONDITIONS
 THE FOLLOWING WEATHER WAS RECORDED YESTERDAY.
  FOG


RELATIVE HUMIDITY (PERCENT)
 HIGHEST    94           600 AM
 LOWEST     65           200 PM
 AVERAGE    80

..........................................................


THE ELIZABETH CITY NC CLIMATE NORMALS FOR TODAY
                         NORMAL    RECORD    YEAR
 MAXIMUM TEMPERATURE (F)   78        94      1996
 MINIMUM TEMPERATURE (F)   58        41      2002


SUNRISE AND SUNSET
MAY 21 2018...........SUNRISE   554 AM EDT   SUNSET   809 PM EDT
MAY 22 2018...........SUNRISE   553 AM EDT   SUNSET   810 PM EDT


-  INDICATES NEGATIVE NUMBERS.
R  INDICATES RECORD WAS SET OR TIED.
MM INDICATES DATA IS MISSING.
T  INDICATES TRACE AMOUNT.




$$
