000
CDUS46 KEKA 241211
CLIEKA


CLIMATE REPORT
NATIONAL WEATHER SERVICE EUREKA CA
511 AM PDT THU MAY 24 2018


...................................

...THE EUREKA CA CLIMATE SUMMARY FOR MAY 23 2018...

CLIMATE NORMAL PERIOD 1981 TO 2010
CLIMATE RECORD PERIOD 1886 TO 2018


WEATHER ITEM   OBSERVED RECORD YEAR NORMAL DEPARTURE LAST
                VALUE   VALUE       VALUE  FROM      YEAR
                                           NORMAL
...........................................................
TEMPERATURE (F)
 YESTERDAY
  MAXIMUM         62     67    1992  61      1       61
  MINIMUM         52     37    2010  48      4       51
  AVERAGE         57                 55      2       56

PRECIPITATION (IN)
  YESTERDAY        0.01   0.69 1960   0.06  -0.05     0.00
  MONTH TO DATE    0.33               1.40  -1.07     1.29
  SINCE OCT 1     35.56              38.12  -2.56    62.10
  SINCE JAN 1     24.58              22.15   2.43    36.33

SNOWFALL (IN)
  YESTERDAY        0.0    0.0  2002   0.0    0.0      0.0
                               2001
  MONTH TO DATE    0.0                0.0    0.0      0.0
  SINCE MAR 1      T                  T      0.0       T
  SINCE JUL 1      T                  0.2   -0.2       T
  SNOW DEPTH       0

DEGREE DAYS
 HEATING
  YESTERDAY        8                 11     -3        9
  MONTH TO DATE  246                268    -22      278
  SINCE MAR 1   1161               1167     -6     1089
  SINCE JUL 1   3962               4089   -127     3978

 COOLING
  YESTERDAY        0                  0      0        0
  MONTH TO DATE    0                  0      0        0
  SINCE MAR 1      0                  0      0        0
  SINCE JAN 1      0                  0      0        0
...........................................................


WIND (MPH)
  HIGHEST WIND SPEED     9   HIGHEST WIND DIRECTION    NW (310)
  HIGHEST GUST SPEED    10   HIGHEST GUST DIRECTION    NW (310)
  AVERAGE WIND SPEED     4.1


SKY COVER
  AVERAGE SKY COVER 0.9


WEATHER CONDITIONS
 THE FOLLOWING WEATHER WAS RECORDED YESTERDAY.
  LIGHT RAIN


..........................................................


THE EUREKA CA CLIMATE NORMALS FOR TODAY
                         NORMAL    RECORD    YEAR
 MAXIMUM TEMPERATURE (F)   61        78      1890
 MINIMUM TEMPERATURE (F)   48        42      1922
                                             1920
                                             1918


SUNRISE AND SUNSET
MAY 24 2018...........SUNRISE   552 AM PDT   SUNSET   836 PM PDT
MAY 25 2018...........SUNRISE   551 AM PDT   SUNSET   836 PM PDT


-  INDICATES NEGATIVE NUMBERS.
R  INDICATES RECORD WAS SET OR TIED.
MM INDICATES DATA IS MISSING.
T  INDICATES TRACE AMOUNT.




&&

..........................................................

TOTAL SEASON     NORMAL   % OF NORMAL     LAST SEASON

    35.56         38.12        93            62.10


$$
