000
CDUS41 KRLX 260735
CLIEKN


CLIMATE REPORT
NATIONAL WEATHER SERVICE CHARLESTON WV
335 AM EDT SAT MAY 26 2018


...................................

...THE ELKINS WV CLIMATE SUMMARY FOR MAY 25 2018...

CLIMATE NORMAL PERIOD 1981 TO 2010
CLIMATE RECORD PERIOD 1899 TO 2018


WEATHER ITEM   OBSERVED TIME   RECORD YEAR NORMAL DEPARTURE LAST
                VALUE   (LST)  VALUE       VALUE  FROM      YEAR
                                                  NORMAL
..................................................................
TEMPERATURE (F)
 YESTERDAY
  MAXIMUM         85    328 PM  90    1914  73     12       66
  MINIMUM         53    502 AM  30    1956  48      5       54
  AVERAGE         69                        60      9       60

PRECIPITATION (IN)
  YESTERDAY        0.04          1.55 1918   0.16  -0.12     0.64
  MONTH TO DATE    7.55                      4.12   3.43     3.60
  SINCE JAN 1     27.75                     18.21   9.54    19.94

SNOWFALL (IN)
  YESTERDAY        0.0           T    1925   0.0    0.0      0.0
  MONTH TO DATE    0.0                       0.0    0.0      0.0
  SINCE SEP 1     65.0                      83.5  -18.5     44.5
  SNOW DEPTH       0

DEGREE DAYS
 HEATING
  YESTERDAY        0                         6     -6        5
  MONTH TO DATE   46                       207   -161      187
  SINCE MAR 1   1524                      1449     75     1177
  SINCE JUL 1   5476                      5770   -294     4580

 COOLING
  YESTERDAY        4                         1      3        0
  MONTH TO DATE   65                        12     53       29
  SINCE MAR 1     66                        15     51       39
  SINCE JAN 1     66                        15     51       39
..................................................................


WIND (MPH)
  HIGHEST WIND SPEED    14   HIGHEST WIND DIRECTION     W (280)
  HIGHEST GUST SPEED    20   HIGHEST GUST DIRECTION    SW (240)
  AVERAGE WIND SPEED     2.5


SKY COVER
  POSSIBLE SUNSHINE  MM
  AVERAGE SKY COVER 0.3


WEATHER CONDITIONS
 THE FOLLOWING WEATHER WAS RECORDED YESTERDAY.
  RAIN
  LIGHT RAIN
  FOG


RELATIVE HUMIDITY (PERCENT)
 HIGHEST    93           100 AM
 LOWEST     47           200 PM
 AVERAGE    70

..........................................................


THE ELKINS WV CLIMATE NORMALS FOR TODAY
                         NORMAL    RECORD    YEAR
 MAXIMUM TEMPERATURE (F)   73        90      1991
 MINIMUM TEMPERATURE (F)   49        31      2013
                                             1988
                                             1930


SUNRISE AND SUNSET
MAY 26 2018...........SUNRISE   559 AM EDT   SUNSET   834 PM EDT
MAY 27 2018...........SUNRISE   558 AM EDT   SUNSET   835 PM EDT


-  INDICATES NEGATIVE NUMBERS.
R  INDICATES RECORD WAS SET OR TIED.
MM INDICATES DATA IS MISSING.
T  INDICATES TRACE AMOUNT.




$$
