000
CDUS42 KMHX 270525
CLIEWN


CLIMATE REPORT
NATIONAL WEATHER SERVICE NEWPORT/MOREHEAD CITY NC
125 AM EDT FRI APR 27 2018


...................................

...THE NEW BERN NC CLIMATE SUMMARY FOR APRIL 26 2018...

CLIMATE NORMAL PERIOD 1981 TO 2010
CLIMATE RECORD PERIOD 1948 TO 2018


WEATHER ITEM   OBSERVED TIME   RECORD YEAR NORMAL DEPARTURE LAST
                VALUE   (LST)  VALUE       VALUE  FROM      YEAR
                                                  NORMAL
..................................................................
TEMPERATURE (F)
 YESTERDAY
  MAXIMUM         78    219 PM  95    1990  76      2       81
  MINIMUM         52    542 AM  39    2001  53     -1       59
  AVERAGE         65                        64      1       70

PRECIPITATION (IN)
  YESTERDAY        0.00          1.62 1979   0.11  -0.11     0.00
  MONTH TO DATE    3.83                      2.75   1.08     4.36
  SINCE MAR 1      8.06                      7.14   0.92     8.39
  SINCE JAN 1     14.47                     14.82  -0.35    14.61

SNOWFALL (IN)
  YESTERDAY        0.0
  MONTH TO DATE    0.0
  SINCE NOV 1      6.0
  SINCE JUL 1      6.0
  SNOW DEPTH       0

DEGREE DAYS
 HEATING
  YESTERDAY        0                         3     -3        0
  MONTH TO DATE  192                       141     51       55
  SINCE MAR 1    715                       510    205      466
  SINCE JUL 1   2884                      2656    228     2206

 COOLING
  YESTERDAY        0                         3     -3        5
  MONTH TO DATE   10                        45    -35       82
  SINCE MAR 1     16                        56    -40       93
  SINCE JAN 1     58                        59     -1       99
..................................................................


WIND (MPH)
  HIGHEST WIND SPEED    18   HIGHEST WIND DIRECTION     S (170)
  HIGHEST GUST SPEED    22   HIGHEST GUST DIRECTION     S (170)
  AVERAGE WIND SPEED     3.6


SKY COVER
  POSSIBLE SUNSHINE  MM
  AVERAGE SKY COVER 0.2


WEATHER CONDITIONS
 THE FOLLOWING WEATHER WAS RECORDED YESTERDAY.
  NO SIGNIFICANT WEATHER WAS OBSERVED.


RELATIVE HUMIDITY (PERCENT)
 HIGHEST   100           100 AM
 LOWEST     54           200 PM
 AVERAGE    77

..........................................................


THE NEW BERN NC CLIMATE NORMALS FOR TODAY
                         NORMAL    RECORD    YEAR
 MAXIMUM TEMPERATURE (F)   76        94      1990
 MINIMUM TEMPERATURE (F)   53        36      1963


SUNRISE AND SUNSET
APRIL 27 2018.........SUNRISE   622 AM EDT   SUNSET   751 PM EDT
APRIL 28 2018.........SUNRISE   620 AM EDT   SUNSET   751 PM EDT


-  INDICATES NEGATIVE NUMBERS.
R  INDICATES RECORD WAS SET OR TIED.
MM INDICATES DATA IS MISSING.
T  INDICATES TRACE AMOUNT.




$$
