000
CDAK49 PAFG 280040
CLIFAI

CLIMATE REPORT
NATIONAL WEATHER SERVICE FAIRBANKS AK
440 PM AKDT SUN MAY 27 2018

...................................

...THE FAIRBANKS AK CLIMATE SUMMARY FOR MAY 27 2018...
VALID TODAY AS OF 0400 PM LOCAL TIME.

CLIMATE NORMAL PERIOD 1981 TO 2010
CLIMATE RECORD PERIOD 1904 TO 2018


WEATHER ITEM   OBSERVED TIME   RECORD YEAR NORMAL DEPARTURE LAST
                VALUE   (LST)  VALUE       VALUE  FROM      YEAR
                                                  NORMAL
..................................................................
TEMPERATURE (F)
 TODAY
  MAXIMUM         65    259 PM  85    2011  65      0       58
  MINIMUM         46    358 AM  28    1927  42      4       35
  AVERAGE         56                        54      2       47

PRECIPITATION (IN)
  TODAY            0.00          0.77 1955   0.02  -0.02      T
  MONTH TO DATE    1.15                      0.50   0.65     0.55
  SINCE MAR 1      1.88                      1.06   0.82     0.81
  SINCE JAN 1      4.54                      2.06   2.48     3.01

SNOWFALL (IN)
  TODAY            0.0           0.1  1978   0.0    0.0      0.0
  MONTH TO DATE    0.7                       0.9   -0.2       T
  SINCE MAR 1     11.4                       8.7    2.7      4.7
  SINCE JUL 1     85.7                      65.0   20.7     83.7
  SNOW DEPTH       0

DEGREE DAYS
 HEATING
  TODAY            9                        11     -2       18
  MONTH TO DATE  432                       444    -12      411
  SINCE MAR 1   2960                      3078   -118     3370
  SINCE JUL 1  12185                     13468  -1283    13500

 COOLING
  TODAY            0                         0      0        0
  MONTH TO DATE    0                         0      0        0
  SINCE MAR 1      0                         0      0        0
  SINCE JAN 1      0                         0      0        0
..................................................................


WIND (MPH)
  HIGHEST GUST SPEED    21   HIGHEST GUST DIRECTION    NE (30)


SKY COVER
  AVERAGE SKY COVER 0.6


WEATHER CONDITIONS
 THE FOLLOWING WEATHER WAS RECORDED TODAY.
  NO SIGNIFICANT WEATHER WAS OBSERVED.


RELATIVE HUMIDITY (PERCENT)
 HIGHEST    71
 LOWEST     31
 AVERAGE    51

..........................................................


THE FAIRBANKS AK CLIMATE NORMALS FOR TOMORROW
                         NORMAL    RECORD    YEAR
 MAXIMUM TEMPERATURE (F)   66        90      1947
 MINIMUM TEMPERATURE (F)   43        30      1934


SUNRISE AND SUNSET
MAY 27 2018...........SUNRISE   348 AM AKDT  SUNSET  1152 PM AKDT
MAY 28 2018...........SUNRISE   345 AM AKDT  SUNSET  1155 PM AKDT


-  INDICATES NEGATIVE NUMBERS.
R  INDICATES RECORD WAS SET OR TIED.
MM INDICATES DATA IS MISSING.
T  INDICATES TRACE AMOUNT.

&&

SNOW DEPTH IS MEASURED AT 3AM AKST/4AM AKDT

----------------------------
AVAILABLE DAYLIGHT

AMOUNT OF DAYLIGHT TODAY  (HOUR:MIN)........20:10
GAIN SINCE YESTERDAY........................7 MINUTES
----------------------------

$$
THR MAY 18
