000
CDUS43 KFGF 262202
CLIFAR


CLIMATE REPORT
NATIONAL WEATHER SERVICE EASTERN NORTH DAKOTA/GRAND FORKS
500 PM CDT THU APR 26 2018


...................................

...THE FARGO HECTOR INTL AP ND CLIMATE SUMMARY FOR APRIL 26 2018...
VALID TODAY AS OF 0500 PM LOCAL TIME.

CLIMATE NORMAL PERIOD 1981 TO 2010
CLIMATE RECORD PERIOD 1881 TO 2018


WEATHER ITEM   OBSERVED TIME   RECORD YEAR NORMAL DEPARTURE LAST
                VALUE   (LST)  VALUE       VALUE  FROM      YEAR
                                                  NORMAL
..................................................................
TEMPERATURE (F)
 TODAY
  MAXIMUM         60    259 PM  89    1952  62     -2       32
  MINIMUM         40    605 AM  17    2002  37      3       28
  AVERAGE         50                        50      0       30

PRECIPITATION (IN)
  TODAY            0.00          1.74 1924   0.06  -0.06     0.37
  MONTH TO DATE    0.37                      1.11  -0.74     1.40
  SINCE MAR 1      2.30                      2.41  -0.11     1.73
  SINCE JAN 1      3.34                      3.72  -0.38     3.50

SNOWFALL (IN)
  TODAY            0.0           7.5  1994   0.1   -0.1      2.2
  MONTH TO DATE    3.8                       2.8    1.0      2.2
  SINCE MAR 1     22.8                      11.9   10.9      3.8
  SINCE JUL 1     50.0                      49.9    0.1     33.1
  SNOW DEPTH       0

DEGREE DAYS
 HEATING
  TODAY           15                        16     -1       35
  MONTH TO DATE  855                       568    287      483
  SINCE MAR 1   2052                      1720    332     1573
  SINCE JUL 1   8699                      8398    301     7071

 COOLING
  TODAY            0                         0      0        0
  MONTH TO DATE    0                         0      0        0
  SINCE MAR 1      0                         0      0        0
  SINCE JAN 1      0                         0      0        0
..................................................................


WIND (MPH)
  HIGHEST WIND SPEED    35   HIGHEST WIND DIRECTION     N (350)
  HIGHEST GUST SPEED    42   HIGHEST GUST DIRECTION     N (350)
  AVERAGE WIND SPEED    20.1


SKY COVER
  POSSIBLE SUNSHINE  MM
  AVERAGE SKY COVER 0.0


WEATHER CONDITIONS
 THE FOLLOWING WEATHER WAS RECORDED TODAY.
  NO SIGNIFICANT WEATHER WAS OBSERVED.


RELATIVE HUMIDITY (PERCENT)
 HIGHEST    79           600 AM
 LOWEST     33           100 PM
 AVERAGE    56

..........................................................


THE FARGO HECTOR INTL AP ND CLIMATE NORMALS FOR TOMORROW
                         NORMAL    RECORD    YEAR
 MAXIMUM TEMPERATURE (F)   63        92      1910
 MINIMUM TEMPERATURE (F)   38        12      1909


SUNRISE AND SUNSET
APRIL 26 2018.........SUNRISE   620 AM CDT   SUNSET   831 PM CDT
APRIL 27 2018.........SUNRISE   618 AM CDT   SUNSET   832 PM CDT


-  INDICATES NEGATIVE NUMBERS.
R  INDICATES RECORD WAS SET OR TIED.
MM INDICATES DATA IS MISSING.
T  INDICATES TRACE AMOUNT.




$$
