000
CDUS43 KFGF 250704
CLIFGF


CLIMATE REPORT
NATIONAL WEATHER SERVICE EASTERN NORTH DAKOTA/GRAND FORKS
203 AM CDT FRI MAY 25 2018


...................................

...THE GRAND FORKS UNIV. (NWS) ND CLIMATE SUMMARY FOR MAY 24 2018...

CLIMATE NORMAL PERIOD 1981 TO 2010
CLIMATE RECORD PERIOD 1893 TO 2018


WEATHER ITEM   OBSERVED TIME   RECORD YEAR NORMAL DEPARTURE LAST
                VALUE   (LST)  VALUE       VALUE  FROM      YEAR
                                                  NORMAL
..................................................................
TEMPERATURE (F)
 YESTERDAY
  MAXIMUM         91R       MM  90    1980  71     20       69
  MINIMUM         65        MM  27    2002  46     19       38
  AVERAGE         78                        58     20       54

PRECIPITATION (IN)
  YESTERDAY        0.00          1.40 2010   0.09  -0.09     0.00
  MONTH TO DATE    1.34                      2.00  -0.66     0.94
  SINCE MAR 1      3.38                      4.00  -0.62     3.26
  SINCE JAN 1      4.51                      5.30  -0.79     4.36

SNOWFALL (IN)
  YESTERDAY        0.0           0.0    MM   0.0    0.0      0.0
  MONTH TO DATE    0.0                       0.1   -0.1      0.0
  SINCE MAR 1     18.4                       8.1   10.3      6.8
  SINCE JUL 1     57.0                      43.4   13.6     49.7
  SNOW DEPTH       0

DEGREE DAYS
 HEATING
  YESTERDAY        0                         7     -7       11
  MONTH TO DATE  177                       265    -88      237
  SINCE MAR 1   2301                      2120    181     2070
  SINCE JUL 1   9281                      9080    201     8018

 COOLING
  YESTERDAY       13                         1     12        0
  MONTH TO DATE   31                        19     12        0
  SINCE MAR 1     31                        22      9        0
  SINCE JAN 1     31                        22      9        0
..................................................................


WIND (MPH)
  RESULTANT WIND SPEED  MM   RESULTANT WIND DIRECTION  MM
  HIGHEST WIND SPEED    MM   HIGHEST WIND DIRECTION    MM
  HIGHEST GUST SPEED    MM   HIGHEST GUST DIRECTION    MM
  AVERAGE WIND SPEED    MM


SKY COVER
  POSSIBLE SUNSHINE  MM
  AVERAGE SKY COVER  MM


WEATHER CONDITIONS
 THE FOLLOWING WEATHER WAS RECORDED YESTERDAY.
  THUNDERSTORM


RELATIVE HUMIDITY (PERCENT)
 HIGHEST    MM
 LOWEST     MM
 AVERAGE    MM

..........................................................


THE GRAND FORKS UNIV. (NWS) ND CLIMATE NORMALS FOR TODAY
                         NORMAL    RECORD    YEAR
 MAXIMUM TEMPERATURE (F)   71        90      1980
                                             1959
 MINIMUM TEMPERATURE (F)   47        29      1893


SUNRISE AND SUNSET
MAY 25 2018...........SUNRISE   539 AM CDT   SUNSET   912 PM CDT
MAY 26 2018...........SUNRISE   538 AM CDT   SUNSET   914 PM CDT


-  INDICATES NEGATIVE NUMBERS.
R  INDICATES RECORD WAS SET OR TIED.
MM INDICATES DATA IS MISSING.
T  INDICATES TRACE AMOUNT.




$$
